{"id":88,"date":"2021-04-26T12:03:47","date_gmt":"2021-04-26T10:03:47","guid":{"rendered":"https:\/\/erlebnis-tanz.org\/bvst\/?page_id=88"},"modified":"2026-03-09T14:31:12","modified_gmt":"2026-03-09T13:31:12","slug":"bundesvorstand","status":"publish","type":"page","link":"https:\/\/erlebnis-tanz.org\/bvst\/wir-ueber-uns\/bundesvorstand\/","title":{"rendered":"Bundesvorstand"},"content":{"rendered":"<div class=\"pbs-main-wrapper\"><div class=\"pbs-row\" style=\"min-height: 286px;\">\n<div class=\"pbs-col\" style=\"flex-basis: 33.33%; justify-content: center;\">\n<p><img alt class=\"size-full wp-image-283 aligncenter\" decoding=\"async\" height=\"197\" loading=\"lazy\" src=\"https:\/\/erlebnis-tanz.org\/bvst\/wp-content\/uploads\/sites\/2\/2025\/06\/Erika_Richter.jpg\" width=\"148\"><\/p>\n<p class=\"aligncenter\"><span style=\"font-weight:bold;\">Bundesvorsitzende<\/span><br \/>Erika Richter<br \/>Bayreuth<\/p>\n<p><a href=\"mailto:bundesvorsitzende@erlebnis-tanz.de\" rel=\"noopener\" target=\"_blank\">  <img alt class=\"size-full wp-image-278 aligncenter\" data-pbs-tablet-margin-top=\"-5px\" decoding=\"async\" height=\"17\" loading=\"lazy\" src=\"https:\/\/erlebnis-tanz.org\/bvst\/wp-content\/uploads\/sites\/2\/2021\/04\/Email-icon.png\" style=\"margin-top: -5px;\" width=\"24\">  <\/a><\/p>\n<\/div>\n<div class=\"pbs-col\" style=\"flex-basis: 33.33%; justify-content: center;\">\n<p><img alt class=\"size-full wp-image-283 aligncenter\" decoding=\"async\" height=\"197\" loading=\"lazy\" src=\"https:\/\/erlebnis-tanz.org\/bvst\/wp-content\/uploads\/sites\/2\/2025\/06\/Dr.-Marina-Hornig.jpg\" width=\"148\"><\/p>\n<p class=\"aligncenter\"><span style=\"font-weight:bold;\">Stellv. Vorsitzende<\/span><br \/>Dr. Marina Hornig<br \/>Schwerin<\/p>\n<p><a href=\"mailto:stellv-vorsitz-bvst@erlebnis-tanz.de\" rel=\"noopener\" target=\"_blank\">  <img alt class=\"size-full wp-image-278 aligncenter\" data-pbs-tablet-margin-top=\"-5px\" decoding=\"async\" height=\"17\" loading=\"lazy\" src=\"https:\/\/erlebnis-tanz.org\/bvst\/wp-content\/uploads\/sites\/2\/2021\/04\/Email-icon.png\" style=\"margin-top: -5px;\" width=\"24\">  <\/a><\/p>\n<\/div>\n<div class=\"pbs-col\" style=\"flex-basis: 33.33%; justify-content: center;\">\n<p><img alt class=\"size-full wp-image-283 aligncenter\" decoding=\"async\" height=\"197\" loading=\"lazy\" src=\"https:\/\/erlebnis-tanz.org\/bvst\/wp-content\/uploads\/sites\/2\/2025\/05\/platzhalter.jpg\" width=\"148\"><\/p>\n<p class=\"aligncenter\"><span style=\"font-weight:bold;\">Bundesschatzmeister<\/span><br \/>N.N.<br \/>&nbsp;<\/p>\n<p><a href=\"mailto:finanzen-bvst@erlebnis-tanz.de\" rel=\"noopener\" target=\"_blank\">  <img alt class=\"size-full wp-image-278 aligncenter\" data-pbs-tablet-margin-top=\"-5px\" decoding=\"async\" height=\"17\" loading=\"lazy\" src=\"https:\/\/erlebnis-tanz.org\/bvst\/wp-content\/uploads\/sites\/2\/2021\/04\/Email-icon.png\" style=\"margin-top: -5px;\" width=\"24\">  <\/a><\/p>\n<\/div>\n<\/div>\n<h4 data-pbs-tablet-margin-top=\"40px\">  <span style=\"color:rgb(35,;\">Weitere Vorstandsmitglieder<\/span>  <\/h4>\n<div class=\"pbs-row\" style=\"min-height: 200px;\">\n<div class=\"pbs-col\" style=\"flex-basis: 33.33%; justify-content: center;\">\n<p><img alt class=\"size-full wp-image-274 aligncenter\" decoding=\"async\" height=\"196\" loading=\"lazy\" src=\"https:\/\/erlebnis-tanz.org\/bvst\/wp-content\/uploads\/sites\/2\/2025\/06\/bastam.jpg\" width=\"148\"><\/p>\n<p class=\"aligncenter\"><span style=\"font-weight:bold;\">&#8211;<\/span><br \/>Gerlind Bastam<br \/>Schmalkalden<\/p>\n<p><a href=\"#\" rel=\"noopener\" target=\"_blank\">  <img alt class=\"size-full wp-image-278 aligncenter\" data-pbs-tablet-margin-top=\"-5px\" decoding=\"async\" height=\"17\" loading=\"lazy\" src=\"https:\/\/erlebnis-tanz.org\/bvst\/wp-content\/uploads\/sites\/2\/2021\/04\/Email-icon.png\" style=\"margin-top: -5px;\" width=\"24\">  <\/a><\/p>\n<\/div>\n<div class=\"pbs-col\" style=\"flex-grow: 1; justify-content: center; flex-basis: 33.33%;\">\n<p><img alt class=\"size-full wp-image-283 aligncenter\" decoding=\"async\" height=\"197\" loading=\"lazy\" src=\"https:\/\/erlebnis-tanz.org\/bvst\/wp-content\/uploads\/sites\/2\/2025\/06\/Lia-Borgmann.jpg\" width=\"148\"><\/p>\n<p class=\"aligncenter\"><span style=\"font-weight:bold;\">&#8211;<\/span><br \/>Lia Borgmann<br \/>D\u00fcsseldorf<\/p>\n<p><a href=\"#\" rel=\"noopener\" target=\"_blank\">  <img alt class=\"size-full wp-image-278 aligncenter\" data-pbs-tablet-margin-top=\"-5px\" decoding=\"async\" height=\"17\" loading=\"lazy\" src=\"https:\/\/erlebnis-tanz.org\/bvst\/wp-content\/uploads\/sites\/2\/2021\/04\/Email-icon.png\" style=\"margin-top: -5px;\" width=\"24\">  <\/a><\/p>\n<\/div>\n<div class=\"pbs-col\" style=\"flex-basis: 33.33%; justify-content: center;\">\n<p><img alt class=\"size-full wp-image-277 aligncenter\" decoding=\"async\" height=\"197\" loading=\"lazy\" src=\"https:\/\/erlebnis-tanz.org\/bvst\/wp-content\/uploads\/sites\/2\/2025\/06\/Claudia-Englert-Hochholzer.jpg\" width=\"148\"><\/p>\n<p class=\"aligncenter\"><span style=\"font-weight:bold;\">&#8211;<\/span><br \/>Claudia Englert-Hochholzer<br \/>Sommerach<\/p>\n<p><a href=\"#\" rel=\"noopener\" target=\"_blank\">  <img alt class=\"size-full wp-image-278 aligncenter\" data-pbs-tablet-margin-top=\"-5px\" decoding=\"async\" height=\"17\" loading=\"lazy\" src=\"https:\/\/erlebnis-tanz.org\/bvst\/wp-content\/uploads\/sites\/2\/2021\/04\/Email-icon.png\" style=\"margin-top: -5px;\" width=\"24\">  <\/a><\/p>\n<\/div>\n<\/div>\n<div class=\"pbs-row\" style=\"min-height: 200px;\">\n<div class=\"pbs-col\" style=\"flex-basis: 33.33%; justify-content: center;\">\n<p><img alt class=\"size-full wp-image-274 aligncenter\" decoding=\"async\" height=\"196\" loading=\"lazy\" src=\"https:\/\/erlebnis-tanz.org\/bvst\/wp-content\/uploads\/sites\/2\/2025\/06\/Gudrun-Haas.jpg\" width=\"148\"><\/p>\n<p class=\"aligncenter\"><span style=\"font-weight:bold;\">&#8211;<\/span><br \/>Gudrun Haas<br \/>M\u00fcnchen<\/p>\n<p><a href=\"#\" rel=\"noopener\" target=\"_blank\">  <img alt class=\"size-full wp-image-278 aligncenter\" data-pbs-tablet-margin-top=\"-5px\" decoding=\"async\" height=\"17\" loading=\"lazy\" src=\"https:\/\/erlebnis-tanz.org\/bvst\/wp-content\/uploads\/sites\/2\/2021\/04\/Email-icon.png\" style=\"margin-top: -5px;\" width=\"24\">  <\/a><\/p>\n<\/div>\n<div class=\"pbs-col\" style=\"flex-grow: 1; justify-content: center; flex-basis: 33.33%;\">\n<p><img alt class=\"size-full wp-image-283 aligncenter\" decoding=\"async\" height=\"197\" loading=\"lazy\" src=\"https:\/\/erlebnis-tanz.org\/bvst\/wp-content\/uploads\/sites\/2\/2025\/06\/Juergen-Schimmel.jpg\" width=\"148\"><\/p>\n<p class=\"aligncenter\"><span style=\"font-weight:bold;\">DV\/Organisation<\/span><br \/>J\u00fcrgen Schimmel<br \/>Laupheim<\/p>\n<p><a href=\"mailto:dvo@erlebnis-tanz.de\" rel=\"noopener\" target=\"_blank\">  <img alt class=\"size-full wp-image-278 aligncenter\" data-pbs-tablet-margin-top=\"-5px\" decoding=\"async\" height=\"17\" loading=\"lazy\" src=\"https:\/\/erlebnis-tanz.org\/bvst\/wp-content\/uploads\/sites\/2\/2021\/04\/Email-icon.png\" style=\"margin-top: -5px;\" width=\"24\">  <\/a><\/p>\n<\/div>\n<div class=\"pbs-col\" style=\"flex-basis: 33.33%; justify-content: center;\"><\/div>\n<\/div>\n<h4 data-pbs-tablet-margin-top=\"40px\">  <span style=\"color:rgb(35,;\">P\u00e4dagogischer Beirat<\/span>  <\/h4>\n<div class=\"pbs-row\" style=\"min-height: 200px;\">\n<div class=\"pbs-col\" style=\"flex-basis: 33.33%; justify-content: center;\">\n<p><img alt class=\"size-full wp-image-274 aligncenter\" decoding=\"async\" height=\"196\" loading=\"lazy\" src=\"https:\/\/erlebnis-tanz.org\/bvst\/wp-content\/uploads\/sites\/2\/2026\/03\/SuBi1.jpg\" width=\"148\"><\/p>\n<p class=\"aligncenter\">Susanne Biermann<\/p>\n<p><a href=\"mailto:sbiermann-refbvst@erlebnis-tanz.de\" rel=\"noopener\" target=\"_blank\">  <img alt class=\"size-full wp-image-278 aligncenter\" data-pbs-tablet-margin-top=\"-5px\" decoding=\"async\" height=\"17\" loading=\"lazy\" src=\"https:\/\/erlebnis-tanz.org\/bvst\/wp-content\/uploads\/sites\/2\/2021\/04\/Email-icon.png\" style=\"margin-top: -5px;\" width=\"24\">  <\/a><\/p>\n<\/div>\n<div class=\"pbs-col\" style=\"flex-grow: 1; justify-content: center; flex-basis: 33.33%;\">\n<p><img alt class=\"size-full wp-image-283 aligncenter\" decoding=\"async\" height=\"197\" loading=\"lazy\" src=\"https:\/\/erlebnis-tanz.org\/bvst\/wp-content\/uploads\/sites\/2\/2025\/05\/Naumann1.jpg\" width=\"148\"><\/p>\n<p class=\"aligncenter\">Gudrun Naumann<\/p>\n<p><a href=\"mailto:naumann-refbvst@erlebnis-tanz.de\" rel=\"noopener\" target=\"_blank\">  <img alt class=\"size-full wp-image-278 aligncenter\" data-pbs-tablet-margin-top=\"-5px\" decoding=\"async\" height=\"17\" loading=\"lazy\" src=\"https:\/\/erlebnis-tanz.org\/bvst\/wp-content\/uploads\/sites\/2\/2021\/04\/Email-icon.png\" style=\"margin-top: -5px;\" width=\"24\">  <\/a><\/p>\n<\/div>\n<div class=\"pbs-col\" style=\"flex-basis: 33.33%; justify-content: center;\">\n<p><img alt class=\"size-full wp-image-277 aligncenter\" decoding=\"async\" height=\"197\" loading=\"lazy\" src=\"https:\/\/erlebnis-tanz.org\/bvst\/wp-content\/uploads\/sites\/2\/2025\/06\/Dr.-Marina-Hornig.jpg\" width=\"148\"><\/p>\n<p class=\"aligncenter\">Dr. Marina Hornig<\/p>\n<p><a href=\"mailto:stellv-vorsitz-bvst@erlebnis-tanz.de\" rel=\"noopener\" target=\"_blank\">  <img alt class=\"size-full wp-image-278 aligncenter\" data-pbs-tablet-margin-top=\"-5px\" decoding=\"async\" height=\"17\" loading=\"lazy\" src=\"https:\/\/erlebnis-tanz.org\/bvst\/wp-content\/uploads\/sites\/2\/2021\/04\/Email-icon.png\" style=\"margin-top: -5px;\" width=\"24\">  <\/a><\/p>\n<\/div>\n<\/div>\n<div class=\"pbs-row\" style=\"min-height: 200px;\">\n<div class=\"pbs-col\" style=\"flex-basis: 33.33%; justify-content: center;\">\n<p><img alt class=\"size-full wp-image-274 aligncenter\" decoding=\"async\" height=\"196\" loading=\"lazy\" src=\"https:\/\/erlebnis-tanz.org\/bvst\/wp-content\/uploads\/sites\/2\/2025\/05\/ryan_web.jpg\" width=\"148\"><\/p>\n<p class=\"aligncenter\">Tanja Ryan<\/p>\n<p><a href=\"mailto:ryan@erlebnis-tanz.de\" rel=\"noopener\" target=\"_blank\">  <img alt class=\"size-full wp-image-278 aligncenter\" data-pbs-tablet-margin-top=\"-5px\" decoding=\"async\" height=\"17\" loading=\"lazy\" src=\"https:\/\/erlebnis-tanz.org\/bvst\/wp-content\/uploads\/sites\/2\/2021\/04\/Email-icon.png\" style=\"margin-top: -5px;\" width=\"24\">  <\/a><\/p>\n<\/div>\n<div class=\"pbs-col\" style=\"flex-basis: 33.33%; justify-content: center;\"><\/div>\n<\/div>\n<div class=\"pbs-col\" style=\"flex-basis: 33.33%; justify-content: center;\"><\/div>\n<\/div>\n<p>Alle Mitglieder des Bundesvorstandes arbeiten ehrenamtlich. Sie werden alle drei Jahre von der Bundesversammlung, die sich aus Delegierten aller Landesverb\u00e4nde zusammensetzt, gew\u00e4hlt. Der Bundesvorstand gestaltet die Arbeit des Verbandes und repr\u00e4sentiert ihn nach au\u00dfen. Die einzelnen Vorstandsmitglieder sind f\u00fcr bestimmte Ressorts zust\u00e4ndig. Sie sind dar\u00fcber hinaus selbst als TanzleiterInnen und ReferentInnen t\u00e4tig.<\/p>\n<p>Die Verwaltung des Verbandes obliegt der Bundesgesch\u00e4ftsstelle mit Sitz in Bremen.<\/p>\n<div data-ce-tag=\"spacer\"><\/div>\n<div><\/div>\n<\/div>","protected":false},"excerpt":{"rendered":"<p>BundesvorsitzendeErika RichterBayreuth Stellv. VorsitzendeDr. Marina HornigSchwerin BundesschatzmeisterN.N.&nbsp; Weitere Vorstandsmitglieder &#8211;Gerlind BastamSchmalkalden &#8211;Lia BorgmannD\u00fcsseldorf &#8211;Claudia Englert-HochholzerSommerach &#8211;Gudrun HaasM\u00fcnchen DV\/OrganisationJ\u00fcrgen SchimmelLaupheim P\u00e4dagogischer Beirat Susanne Biermann Gudrun Naumann Dr. Marina Hornig Tanja Ryan &hellip;<\/p>\n","protected":false},"author":2,"featured_media":0,"parent":15,"menu_order":0,"comment_status":"closed","ping_status":"closed","template":"fullwidth.php","meta":{"footnotes":""},"class_list":["post-88","page","type-page","status-publish","hentry"],"_links":{"self":[{"href":"https:\/\/erlebnis-tanz.org\/bvst\/wp-json\/wp\/v2\/pages\/88","targetHints":{"allow":["GET"]}}],"collection":[{"href":"https:\/\/erlebnis-tanz.org\/bvst\/wp-json\/wp\/v2\/pages"}],"about":[{"href":"https:\/\/erlebnis-tanz.org\/bvst\/wp-json\/wp\/v2\/types\/page"}],"author":[{"embeddable":true,"href":"https:\/\/erlebnis-tanz.org\/bvst\/wp-json\/wp\/v2\/users\/2"}],"replies":[{"embeddable":true,"href":"https:\/\/erlebnis-tanz.org\/bvst\/wp-json\/wp\/v2\/comments?post=88"}],"version-history":[{"count":56,"href":"https:\/\/erlebnis-tanz.org\/bvst\/wp-json\/wp\/v2\/pages\/88\/revisions"}],"predecessor-version":[{"id":19005,"href":"https:\/\/erlebnis-tanz.org\/bvst\/wp-json\/wp\/v2\/pages\/88\/revisions\/19005"}],"up":[{"embeddable":true,"href":"https:\/\/erlebnis-tanz.org\/bvst\/wp-json\/wp\/v2\/pages\/15"}],"wp:attachment":[{"href":"https:\/\/erlebnis-tanz.org\/bvst\/wp-json\/wp\/v2\/media?parent=88"}],"curies":[{"name":"wp","href":"https:\/\/api.w.org\/{rel}","templated":true}]}}

<div class="pbs-main-wrapper"><div class="pbs-row" style="min-height: 286px;">
<div class="pbs-col" style="flex-basis: 33.33%; justify-content: center;">
<p><img alt class="size-full wp-image-283 aligncenter" decoding="async" height="197" loading="lazy" src="https://erlebnis-tanz.org/bvst/wp-content/uploads/sites/2/2025/06/Erika_Richter.jpg" width="148"></p>
<p class="aligncenter"><span style="font-weight:bold;">Bundesvorsitzende</span><br />Erika Richter<br />Bayreuth</p>
<p><a href="mailto:bundesvorsitzende@erlebnis-tanz.de" rel="noopener" target="_blank">  <img alt class="size-full wp-image-278 aligncenter" data-pbs-tablet-margin-top="-5px" decoding="async" height="17" loading="lazy" src="https://erlebnis-tanz.org/bvst/wp-content/uploads/sites/2/2021/04/Email-icon.png" style="margin-top: -5px;" width="24">  </a></p>
</div>
<div class="pbs-col" style="flex-basis: 33.33%; justify-content: center;">
<p><img alt class="size-full wp-image-283 aligncenter" decoding="async" height="197" loading="lazy" src="https://erlebnis-tanz.org/bvst/wp-content/uploads/sites/2/2025/06/Dr.-Marina-Hornig.jpg" width="148"></p>
<p class="aligncenter"><span style="font-weight:bold;">Stellv. Vorsitzende</span><br />Dr. Marina Hornig<br />Schwerin</p>
<p><a href="mailto:stellv-vorsitz-bvst@erlebnis-tanz.de" rel="noopener" target="_blank">  <img alt class="size-full wp-image-278 aligncenter" data-pbs-tablet-margin-top="-5px" decoding="async" height="17" loading="lazy" src="https://erlebnis-tanz.org/bvst/wp-content/uploads/sites/2/2021/04/Email-icon.png" style="margin-top: -5px;" width="24">  </a></p>
</div>
<div class="pbs-col" style="flex-basis: 33.33%; justify-content: center;">
<p><img alt class="size-full wp-image-283 aligncenter" decoding="async" height="197" loading="lazy" src="https://erlebnis-tanz.org/bvst/wp-content/uploads/sites/2/2025/05/platzhalter.jpg" width="148"></p>
<p class="aligncenter"><span style="font-weight:bold;">Bundesschatzmeister</span><br />N.N.<br />&nbsp;</p>
<p><a href="mailto:finanzen-bvst@erlebnis-tanz.de" rel="noopener" target="_blank">  <img alt class="size-full wp-image-278 aligncenter" data-pbs-tablet-margin-top="-5px" decoding="async" height="17" loading="lazy" src="https://erlebnis-tanz.org/bvst/wp-content/uploads/sites/2/2021/04/Email-icon.png" style="margin-top: -5px;" width="24">  </a></p>
</div>
</div>
<h4 data-pbs-tablet-margin-top="40px">  <span style="color:rgb(35,;">Weitere Vorstandsmitglieder</span>  </h4>
<div class="pbs-row" style="min-height: 200px;">
<div class="pbs-col" style="flex-basis: 33.33%; justify-content: center;">
<p><img alt class="size-full wp-image-274 aligncenter" decoding="async" height="196" loading="lazy" src="https://erlebnis-tanz.org/bvst/wp-content/uploads/sites/2/2025/06/bastam.jpg" width="148"></p>
<p class="aligncenter"><span style="font-weight:bold;">&#8211;</span><br />Gerlind Bastam<br />Schmalkalden</p>
<p><a href="#" rel="noopener" target="_blank">  <img alt class="size-full wp-image-278 aligncenter" data-pbs-tablet-margin-top="-5px" decoding="async" height="17" loading="lazy" src="https://erlebnis-tanz.org/bvst/wp-content/uploads/sites/2/2021/04/Email-icon.png" style="margin-top: -5px;" width="24">  </a></p>
</div>
<div class="pbs-col" style="flex-grow: 1; justify-content: center; flex-basis: 33.33%;">
<p><img alt class="size-full wp-image-283 aligncenter" decoding="async" height="197" loading="lazy" src="https://erlebnis-tanz.org/bvst/wp-content/uploads/sites/2/2025/06/Lia-Borgmann.jpg" width="148"></p>
<p class="aligncenter"><span style="font-weight:bold;">&#8211;</span><br />Lia Borgmann<br />Düsseldorf</p>
<p><a href="#" rel="noopener" target="_blank">  <img alt class="size-full wp-image-278 aligncenter" data-pbs-tablet-margin-top="-5px" decoding="async" height="17" loading="lazy" src="https://erlebnis-tanz.org/bvst/wp-content/uploads/sites/2/2021/04/Email-icon.png" style="margin-top: -5px;" width="24">  </a></p>
</div>
<div class="pbs-col" style="flex-basis: 33.33%; justify-content: center;">
<p><img alt class="size-full wp-image-277 aligncenter" decoding="async" height="197" loading="lazy" src="https://erlebnis-tanz.org/bvst/wp-content/uploads/sites/2/2025/06/Claudia-Englert-Hochholzer.jpg" width="148"></p>
<p class="aligncenter"><span style="font-weight:bold;">&#8211;</span><br />Claudia Englert-Hochholzer<br />Sommerach</p>
<p><a href="#" rel="noopener" target="_blank">  <img alt class="size-full wp-image-278 aligncenter" data-pbs-tablet-margin-top="-5px" decoding="async" height="17" loading="lazy" src="https://erlebnis-tanz.org/bvst/wp-content/uploads/sites/2/2021/04/Email-icon.png" style="margin-top: -5px;" width="24">  </a></p>
</div>
</div>
<div class="pbs-row" style="min-height: 200px;">
<div class="pbs-col" style="flex-basis: 33.33%; justify-content: center;">
<p><img alt class="size-full wp-image-274 aligncenter" decoding="async" height="196" loading="lazy" src="https://erlebnis-tanz.org/bvst/wp-content/uploads/sites/2/2025/06/Gudrun-Haas.jpg" width="148"></p>
<p class="aligncenter"><span style="font-weight:bold;">&#8211;</span><br />Gudrun Haas<br />München</p>
<p><a href="#" rel="noopener" target="_blank">  <img alt class="size-full wp-image-278 aligncenter" data-pbs-tablet-margin-top="-5px" decoding="async" height="17" loading="lazy" src="https://erlebnis-tanz.org/bvst/wp-content/uploads/sites/2/2021/04/Email-icon.png" style="margin-top: -5px;" width="24">  </a></p>
</div>
<div class="pbs-col" style="flex-grow: 1; justify-content: center; flex-basis: 33.33%;">
<p><img alt class="size-full wp-image-283 aligncenter" decoding="async" height="197" loading="lazy" src="https://erlebnis-tanz.org/bvst/wp-content/uploads/sites/2/2025/06/Juergen-Schimmel.jpg" width="148"></p>
<p class="aligncenter"><span style="font-weight:bold;">DV/Organisation</span><br />Jürgen Schimmel<br />Laupheim</p>
<p><a href="mailto:dvo@erlebnis-tanz.de" rel="noopener" target="_blank">  <img alt class="size-full wp-image-278 aligncenter" data-pbs-tablet-margin-top="-5px" decoding="async" height="17" loading="lazy" src="https://erlebnis-tanz.org/bvst/wp-content/uploads/sites/2/2021/04/Email-icon.png" style="margin-top: -5px;" width="24">  </a></p>
</div>
<div class="pbs-col" style="flex-basis: 33.33%; justify-content: center;"></div>
</div>
<h4 data-pbs-tablet-margin-top="40px">  <span style="color:rgb(35,;">Pädagogischer Beirat</span>  </h4>
<div class="pbs-row" style="min-height: 200px;">
<div class="pbs-col" style="flex-basis: 33.33%; justify-content: center;">
<p><img alt class="size-full wp-image-274 aligncenter" decoding="async" height="196" loading="lazy" src="https://erlebnis-tanz.org/bvst/wp-content/uploads/sites/2/2026/03/SuBi1.jpg" width="148"></p>
<p class="aligncenter">Susanne Biermann</p>
<p><a href="mailto:sbiermann-refbvst@erlebnis-tanz.de" rel="noopener" target="_blank">  <img alt class="size-full wp-image-278 aligncenter" data-pbs-tablet-margin-top="-5px" decoding="async" height="17" loading="lazy" src="https://erlebnis-tanz.org/bvst/wp-content/uploads/sites/2/2021/04/Email-icon.png" style="margin-top: -5px;" width="24">  </a></p>
</div>
<div class="pbs-col" style="flex-grow: 1; justify-content: center; flex-basis: 33.33%;">
<p><img alt class="size-full wp-image-283 aligncenter" decoding="async" height="197" loading="lazy" src="https://erlebnis-tanz.org/bvst/wp-content/uploads/sites/2/2025/05/Naumann1.jpg" width="148"></p>
<p class="aligncenter">Gudrun Naumann</p>
<p><a href="mailto:naumann-refbvst@erlebnis-tanz.de" rel="noopener" target="_blank">  <img alt class="size-full wp-image-278 aligncenter" data-pbs-tablet-margin-top="-5px" decoding="async" height="17" loading="lazy" src="https://erlebnis-tanz.org/bvst/wp-content/uploads/sites/2/2021/04/Email-icon.png" style="margin-top: -5px;" width="24">  </a></p>
</div>
<div class="pbs-col" style="flex-basis: 33.33%; justify-content: center;">
<p><img alt class="size-full wp-image-277 aligncenter" decoding="async" height="197" loading="lazy" src="https://erlebnis-tanz.org/bvst/wp-content/uploads/sites/2/2025/06/Dr.-Marina-Hornig.jpg" width="148"></p>
<p class="aligncenter">Dr. Marina Hornig</p>
<p><a href="mailto:stellv-vorsitz-bvst@erlebnis-tanz.de" rel="noopener" target="_blank">  <img alt class="size-full wp-image-278 aligncenter" data-pbs-tablet-margin-top="-5px" decoding="async" height="17" loading="lazy" src="https://erlebnis-tanz.org/bvst/wp-content/uploads/sites/2/2021/04/Email-icon.png" style="margin-top: -5px;" width="24">  </a></p>
</div>
</div>
<div class="pbs-row" style="min-height: 200px;">
<div class="pbs-col" style="flex-basis: 33.33%; justify-content: center;">
<p><img alt class="size-full wp-image-274 aligncenter" decoding="async" height="196" loading="lazy" src="https://erlebnis-tanz.org/bvst/wp-content/uploads/sites/2/2025/05/ryan_web.jpg" width="148"></p>
<p class="aligncenter">Tanja Ryan</p>
<p><a href="mailto:ryan@erlebnis-tanz.de" rel="noopener" target="_blank">  <img alt class="size-full wp-image-278 aligncenter" data-pbs-tablet-margin-top="-5px" decoding="async" height="17" loading="lazy" src="https://erlebnis-tanz.org/bvst/wp-content/uploads/sites/2/2021/04/Email-icon.png" style="margin-top: -5px;" width="24">  </a></p>
</div>
<div class="pbs-col" style="flex-basis: 33.33%; justify-content: center;"></div>
</div>
<div class="pbs-col" style="flex-basis: 33.33%; justify-content: center;"></div>
</div>
<p>Alle Mitglieder des Bundesvorstandes arbeiten ehrenamtlich. Sie werden alle drei Jahre von der Bundesversammlung, die sich aus Delegierten aller Landesverbände zusammensetzt, gewählt. Der Bundesvorstand gestaltet die Arbeit des Verbandes und repräsentiert ihn nach außen. Die einzelnen Vorstandsmitglieder sind für bestimmte Ressorts zuständig. Sie sind darüber hinaus selbst als TanzleiterInnen und ReferentInnen tätig.</p>
<p>Die Verwaltung des Verbandes obliegt der Bundesgeschäftsstelle mit Sitz in Bremen.</p>
<div data-ce-tag="spacer"></div>
<div></div>
</div>

<p>BundesvorsitzendeErika RichterBayreuth Stellv. VorsitzendeDr. Marina HornigSchwerin BundesschatzmeisterN.N.&nbsp; Weitere Vorstandsmitglieder &#8211;Gerlind BastamSchmalkalden &#8211;Lia BorgmannDüsseldorf &#8211;Claudia Englert-HochholzerSommerach &#8211;Gudrun HaasMünchen DV/OrganisationJürgen SchimmelLaupheim Pädagogischer Beirat Susanne Biermann Gudrun Naumann Dr. Marina Hornig Tanja Ryan &hellip;</p>
