{"id":9346,"date":"2023-04-03T11:08:04","date_gmt":"2023-04-03T09:08:04","guid":{"rendered":"https:\/\/erlebnis-tanz.org\/bvst\/?page_id=9346"},"modified":"2024-12-10T08:09:49","modified_gmt":"2024-12-10T07:09:49","slug":"spenden","status":"publish","type":"page","link":"https:\/\/erlebnis-tanz.org\/bvst\/spenden\/","title":{"rendered":"Spendenaktion"},"content":{"rendered":"<div class=\"pbs-main-wrapper\"><h4>Bitte unterst\u00fctzt unsere Referenten-Ausbildung!<\/h4>\n<div class=\"pbs-row\" style=\"min-height: 200px\">\n<div class=\"pbs-col\" style=\"justify-content: center\">\n<img decoding=\"async\" class=\"aligncenter size-full wp-image-352\" src=\"https:\/\/erlebnis-tanz.org\/bvst\/wp-content\/uploads\/sites\/2\/2023\/04\/Ausbildung_Qualifizierung.png\" alt=\"\" \/>\n<\/div>\n<\/div>\n<p><strong>Unser Bundesverband Seniorentanz e.V.<\/strong><\/p>\n<ul>\n<li>weckt Freude am Tanzen und an rhythmischer K\u00f6rperbewegung nach Musik, insbesondere f\u00fcr Menschen 55+,<\/li>\n<li>versteht Gesundheit als k\u00f6rperliches, psychisches, geistiges und soziales Wohlbefinden,<\/li>\n<li>regt zur regelm\u00e4\u00dfigen Aus\u00fcbung und damit zur Gesunderhaltung und Gesundheitsf\u00f6rderung \u00e4lterer Menschen an.<\/li>\n<\/ul>\n<p>Daf\u00fcr engagieren sich vom BVST ausgebildete Tanzleiterinnen und Tanzleiter in ganz Deutschland. Von ihnen brauchen wir mehr!<\/p>\n<p>Deren Aus- und Weiterbildung erfolgt durch unsere verbandseigenen Referentinnen und Referenten. Auch diese bildet unser Verband selbst aus. <br \/> <br \/>\n<strong>Im Herbst 2023 begann die neue 3-j\u00e4hrige Referenten-Ausbildung<\/strong><\/p>\n<ul>\n<li>auf h\u00f6chstem qualitativen Niveau,<\/li>\n<li>mit kompetenten, verbandsinternen sowie externen Ausbildern und<\/li>\n<li>mit fundiertem Lehrgangsmaterial.<\/li>\n<\/ul>\n<p> <br \/>\nBitte unterst\u00fctzt dieses Ausbildungsvorhaben durch einen Spendenbeitrag!<br \/>\nSorgen wir gemeinsam daf\u00fcr, dass f\u00fcr die k\u00fcnftigen Referentinnen und Referenten die aufzubringenden Lehrgangskosten in einem ertr\u00e4glichen Rahmen bleiben.<\/p>\n<p><strong>Danke!<\/strong><\/p>\n<p><strong>Die Spende kann auf das nachfolgende Konto \u00fcberwiesen werden:<\/strong><br \/>\nSparkasse Bremen<br \/>\nIBAN: DE05 2905 0101 0012 3243 80<br \/>\nVerwendungszweck: Referenten-Ausbildung<\/p>\n<p><strong>\u00dcber das nachfolgende Formular kann direkt ein Betrag gespendet werden (Zahlung per PayPal):<\/strong><br \/>\n<script type=\"text\/javascript\">\/\/ <![CDATA[\njQuery(document).ready(function(){\n\tsetInterval( function() { AutoiFrameAdjustiFrameHeight( 'spende', 50); }, 1000 );\n});\n\/\/ ]]><\/script>\n<iframe loading=\"lazy\" id=\"spende\" name=\"spende\" src=\"https:\/\/donate.raisenow.io\/kxhxh\" width=\"100%\" height=\"1700\" frameborder=\"0\" scrolling=\"no\"onload=\"AutoiFrameAdjustiFrameHeight('spende',50);\"><\/iframe><br \/>\n&nbsp;<\/p>\n<\/div>","protected":false},"excerpt":{"rendered":"<p>Bitte unterst\u00fctzt unsere Referenten-Ausbildung! Unser Bundesverband Seniorentanz e.V. weckt Freude am Tanzen und an rhythmischer K\u00f6rperbewegung nach Musik, insbesondere f\u00fcr Menschen 55+, versteht Gesundheit als k\u00f6rperliches, psychisches, geistiges und soziales &hellip;<\/p>\n","protected":false},"author":1,"featured_media":0,"parent":0,"menu_order":0,"comment_status":"closed","ping_status":"closed","template":"fullwidth.php","meta":{"footnotes":""},"class_list":["post-9346","page","type-page","status-publish","hentry"],"_links":{"self":[{"href":"https:\/\/erlebnis-tanz.org\/bvst\/wp-json\/wp\/v2\/pages\/9346","targetHints":{"allow":["GET"]}}],"collection":[{"href":"https:\/\/erlebnis-tanz.org\/bvst\/wp-json\/wp\/v2\/pages"}],"about":[{"href":"https:\/\/erlebnis-tanz.org\/bvst\/wp-json\/wp\/v2\/types\/page"}],"author":[{"embeddable":true,"href":"https:\/\/erlebnis-tanz.org\/bvst\/wp-json\/wp\/v2\/users\/1"}],"replies":[{"embeddable":true,"href":"https:\/\/erlebnis-tanz.org\/bvst\/wp-json\/wp\/v2\/comments?post=9346"}],"version-history":[{"count":25,"href":"https:\/\/erlebnis-tanz.org\/bvst\/wp-json\/wp\/v2\/pages\/9346\/revisions"}],"predecessor-version":[{"id":15210,"href":"https:\/\/erlebnis-tanz.org\/bvst\/wp-json\/wp\/v2\/pages\/9346\/revisions\/15210"}],"wp:attachment":[{"href":"https:\/\/erlebnis-tanz.org\/bvst\/wp-json\/wp\/v2\/media?parent=9346"}],"curies":[{"name":"wp","href":"https:\/\/api.w.org\/{rel}","templated":true}]}}