{"id":962,"date":"2021-06-10T15:32:59","date_gmt":"2021-06-10T13:32:59","guid":{"rendered":"https:\/\/erlebnis-tanz.org\/bvst\/?page_id=962"},"modified":"2025-11-17T08:00:33","modified_gmt":"2025-11-17T07:00:33","slug":"verschiedenes","status":"publish","type":"page","link":"https:\/\/erlebnis-tanz.org\/bvst\/produkte\/verschiedenes\/","title":{"rendered":"SEI DABEI\u00a0\/ Tanzen mit Rollator \/ Verschiedenes"},"content":{"rendered":"<div class=\"pbs-main-wrapper\"><div><script type='text\/javascript' src=\"https:\/\/erlebnis-tanz.org\/bvst\/wp-content\/uploads\/cart\/language-ge.js\"><\/script> <script type='text\/javascript' src=\"https:\/\/erlebnis-tanz.org\/bvst\/wp-content\/uploads\/cart\/nopcart.js\"><\/script><\/div>\n<div class=\"typo3-neos-nodetypes-html\">\n<p>Mitglieder erhalten 20% Rabatt! Alle Preise verstehen sich inkl. MwSt. und zzgl. <a target=\"_blank\" href=\"https:\/\/erlebnis-tanz.org\/bvst\/produkte\/versand\/\" xlink=\"href\" rel=\"noopener\">Versand<\/a>.<span style=\"float: right;\"><br \/>\n<a style=\"font-family: dejavu_serifitalic;\" href=\"https:\/\/erlebnis-tanz.org\/bvst\/produkte\/artikelsuche\/\" xlink=\"href\"><img decoding=\"async\" style=\"margin-bottom: 0px; margin-right: 5px;\" title=\"Artikelsuche\" src=\"https:\/\/erlebnis-tanz.org\/bvst\/wp-content\/uploads\/sites\/2\/2021\/06\/search_icon.png\" width=\"20px\" \/>ARTIKELSUCHE<\/a><\/span><\/p>\n<style><!-- SPAN.searchword { background-color:yellow; } \/\/ --><\/style>\n<div>\n<h4 style=\"margin-bottom: 40px;\">Sonstige Artikel<\/h4>\n<div class=\"pbs-row\" style=\"min-height: 200px;\">\n<div class=\"pbs-col\" style=\"flex-basis: 25%; justify-content: center; display: inline;\">\n<div class=\"typo3-neos-nodetypes-html\"><a id=\"304000\" xlink=\"href\"><\/a><\/div>\n<div class=\"typo3-neos-nodetypes-textwithimage\">\n<figure><img loading=\"lazy\" decoding=\"async\" src=\"https:\/\/erlebnis-tanz.org\/bvst\/wp-content\/uploads\/sites\/2\/2021\/08\/304000.jpg\" width=\"150\" height=\"181\" \/><\/figure>\n<div>\n<p><b>Set \u2018SEI DABEI\u2019 CD VKJK 2005 und Brosch\u00fcre *<\/b><br \/>\nArt.-Nr. 304000<\/p>\n<\/div>\n<\/div>\n<\/div>\n<div class=\"pbs-col\" style=\"flex-basis: 25%; justify-content: center; display: inline;\">\n<div class=\"typo3-neos-nodetypes-text\">\n<div>\n<p><strong>T\u00e4nze<\/strong><br \/>\nBaby Square<br \/>\nBlue Lights Block<br \/>\nCapri-Kontra<br \/>\nDebka Kafrit<br \/>\nGassentango<br \/>\nHappy Opening<br \/>\nIm Galopp<br \/>\nPaarweise im Galopp<br \/>\nSerendipity Trio<br \/>\nWalzer im Ring<\/p>\n<\/div>\n<\/div>\n<\/div>\n<div class=\"pbs-col\" style=\"flex-basis: 25%; justify-content: center; display: inline;\">\n<div class=\"typo3-neos-nodetypes-text\">\n<div>\n<p><strong>T\u00e4nze im Sitzen<\/strong><br \/>\nBlaue Lichter<br \/>\nCharly\u2019s schnelle K\u00fcche<br \/>\nDebka mit H\u00f6lzern<br \/>\nDer Eint\u00e4nzer<br \/>\nIt\u2019s Samba Time<br \/>\nMucki-Runde<br \/>\nRund und leicht<br \/>\nStuttgarter Galopp<br \/>\nTangorhythmus auf Tahiti<\/p>\n<\/div>\n<\/div>\n<\/div>\n<div class=\"pbs-col\" style=\"flex-basis: 25%; justify-content: center; display: inline;\">\n<div class=\"typo3-neos-nodetypes-text\">\n<div>\n<p><b>EUR 20,00<br \/>\n<\/b> inkl. MwSt., zzgl. <a href=\"https:\/\/erlebnis-tanz.org\/bvst\/produkte\/versand\/\" xlink=\"href\">Versand<\/a><\/p>\n<\/div>\n<\/div>\n<div class=\"typo3-neos-nodetypes-html\">\n<form name=\"order\">Anzahl:<br \/>\n<input maxlength=\"3\" name=\"QUANTITY\" size=\"2\" type=\"text\" value=\"1\" \/><br \/>\n<input name=\"PRICE\" type=\"hidden\" value=\"20.00\" \/><br \/>\n<input name=\"NAME\" type=\"hidden\" value=\"'Set 'SEI DABEI' CD VKJK 2005 und Brosch\u00fcre \" \/><br \/>\n<input name=\"ID_NUM\" type=\"hidden\" value=\"304000\" \/><br \/>\n<input name=\"SHIPPING\" type=\"hidden\" value=\"\" \/><br \/>\n<input type=\"button\" value=\" Warenkorb + \" onclick='AddToCart(this.form)' \/><\/form>\n<\/div>\n<\/div>\n<\/div>\n<div class=\"typo3-neos-nodetypes-text\">\n<div>\n<p style=\"margin-top: -33px;\"><strong>* Zum Inhalt der Brosch\u00fcre:<\/strong> Neun Musiktitel laden Tanzleiter*innen und T\u00e4nzer*innen zu einem fr\u00f6hlichen Tanzvergn\u00fcgen ein. Das Set \u201eSEI DABEI\u201c eignet sich hervorragend f\u00fcr eine Schnupperveranstaltung, in der f\u00fcr die eigene Tanzgruppe, aber auch f\u00fcr die Ausbildung zum*zur Senioren-Tanzleiter*in des Bundesverbandes Seniorentanz e.V. geworben werden kann. Die an einer Ausbildung Interessierten werden in dieser Brosch\u00fcre einen ersten Einblick in die Erarbeitung von Tanzbeschreibungen erhalten.<\/p>\n<p style=\"text-align: center;\">* * * * *<\/p>\n<hr \/>\n<\/div>\n<\/div>\n<div class=\"pbs-row\" style=\"min-height: 200px;\">\n<div class=\"pbs-col\" style=\"flex-basis: 25%; justify-content: center; display: inline;\">\n<div class=\"typo3-neos-nodetypes-html\"><a id=\"302390\" xlink=\"href\"><\/a><\/div>\n<div class=\"typo3-neos-nodetypes-textwithimage\">\n<figure><img loading=\"lazy\" decoding=\"async\" src=\"https:\/\/erlebnis-tanz.org\/bvst\/wp-content\/uploads\/sites\/2\/2021\/09\/302390set.jpg\" width=\"150\" height=\"181\" \/><\/figure>\n<div>\n<p><b>Set &#8222;Tanzt einfach mit 3&#8220;, CD VKJK 0929 und Brosch\u00fcre &#8222;T\u00e4nze mit Rollator&#8220;<\/b><\/p>\n<p>Art.-Nr. 302390<\/p>\n<\/div>\n<\/div>\n<\/div>\n<div class=\"pbs-col\" style=\"flex-basis: 25%; justify-content: center; display: inline;\">\n<div class=\"typo3-neos-nodetypes-text\">\n<div>\n<p><strong>T\u00e4nze mit Rollator<\/strong><br \/>\nAchter-Kreis, Kombi TmR\/TiS<br \/>\nAchter in der Gasse<br \/>\nAuf Raubzug<br \/>\nBegegnungen in der Gasse + Vereinfachung<br \/>\nBitte wenden!<br \/>\nChilenischer Walzer<br \/>\nCowboy Country, Kombi TmR\/TiS<br \/>\nDer Fr\u00fchling kommt \u2013 im Kreis<br \/>\nDer Fr\u00fchling kommt \u2013 in der Gasse<br \/>\nDer rollende Tramper<br \/>\nDer Schenkelklopfer<br \/>\nDie Laterne an der Stra\u00dfe<br \/>\nDrei \u00fcber die Gasse<br \/>\nElvira tanzt<br \/>\nEs gibt noch Whiskey<br \/>\nFliegende T\u00fccher<br \/>\nFox-Kreis<br \/>\nFox-Trott flott<br \/>\nFox-Trott-Kreisel<br \/>\nGeh` mal hin\u00fcber<br \/>\nGr\u00fc\u00dfe aus Griechenland<br \/>\nGru\u00df aus Chile<br \/>\nIm Kreis um die Laterne<br \/>\nIm Viereck getippt + Vereinfachung<br \/>\nKlopf mal an! Kombi TmR\/TiS<br \/>\nKreisende Begegnung<br \/>\nKulsko-F\u00fc\u00dfling<br \/>\nLeichte F\u00fc\u00dfe, Kombi TmR\/TiS<br \/>\nMorgenritt\n<\/div>\n<\/div>\n<\/div>\n<div class=\"pbs-col\" style=\"flex-basis: 25%; justify-content: center; display: inline;\">\n<div class=\"typo3-neos-nodetypes-text\">\n<div>\n<p>Morgenspaziergang durch die Gasse<br \/>\nNein oder Ja?<br \/>\nPlatzwechsel im Kreis<br \/>\nQuigley`s Reel, Kombi TmR\/TiS 62<br \/>\nSamstagnacht in Louisiana + Vereinfachung<br \/>\nSpatzengezwitscher<br \/>\nSpaziergang am Morgen<br \/>\nTanzende Rosen<br \/>\nTanz um den See<br \/>\nTeller-Reel in der Gasse<br \/>\nWalzer auf der Linie<br \/>\nZu zweit unter der Laterne <\/p>\n<p><strong>Bewegungs\u00fcbungen<\/strong><br \/>\nDreier-Kr\u00fcsel \u2013 Schultern \/ Arme<br \/>\nEasynella \u2013 F\u00fc\u00dfe \/ Beine<br \/>\nHeiner`s Circle \u2013 Gleichgewicht<br \/>\nKulsko Horo \u2013 Rhythmus <\/p>\n<p><strong>T\u00e4nze im Sitzen<\/strong><br \/>\nAchter-Kreis im Sitzen, Kombi TmR\/TiS<br \/>\nCowboy Country im Sitzen, Kombi TmR\/TiS<br \/>\nKlopf mal an im Sitzen, Kombi TmR\/TiS<br \/>\nLeichte F\u00fc\u00dfe im Sitzen, Kombi TmR\/TiS<br \/>\nQuigley`s Reel im Sitzen, Kombi TmR\/TiS\n<\/div>\n<\/div>\n<\/div>\n<div class=\"pbs-col\" style=\"flex-basis: 25%; justify-content: center; display: inline;\">\n<div class=\"typo3-neos-nodetypes-text\">\n<div>\n<p><b>EUR 48,75<br \/>\n<\/b> inkl. MwSt., zzgl. <a href=\"https:\/\/erlebnis-tanz.org\/bvst\/produkte\/versand\/\" xlink=\"href\">Versand<\/a><\/p>\n<\/div>\n<\/div>\n<div class=\"typo3-neos-nodetypes-html\">\n<form name=\"order\">Anzahl:<br \/>\n<input maxlength=\"3\" name=\"QUANTITY\" size=\"2\" type=\"text\" value=\"1\" \/><br \/>\n<input name=\"PRICE\" type=\"hidden\" value=\"48.75\" \/><br \/>\n<input name=\"NAME\" type=\"hidden\" value=\"Set 'Tanzt einfach mit 3', CD u. Brosch\u00fcre 'T\u00e4nze mit Rollator'\" \/><br \/>\n<input name=\"ID_NUM\" type=\"hidden\" value=\"302390\" \/><br \/>\n<input name=\"SHIPPING\" type=\"hidden\" value=\"\" \/><br \/>\n<input type=\"button\" value=\" Warenkorb + \" onclick='AddToCart(this.form)' \/><\/form>\n<\/div>\n<\/div>\n<\/div>\n<div class=\"typo3-neos-nodetypes-text\">\n<div>\n<p style=\"text-align: center;\">* * * * *<\/p>\n<\/div>\n<\/div>\n<div class=\"pbs-row\" style=\"min-height: 200px;\">\n<div class=\"pbs-col\" style=\"flex-basis: 25%; justify-content: center; display: inline;\">\n<div class=\"typo3-neos-nodetypes-html\"><a id=\"202390\" xlink=\"href\"><\/a><\/div>\n<div class=\"typo3-neos-nodetypes-textwithimage\">\n<figure><img loading=\"lazy\" decoding=\"async\" src=\"https:\/\/erlebnis-tanz.org\/bvst\/wp-content\/uploads\/sites\/2\/2021\/09\/202390.jpg\" width=\"150\" height=\"181\" \/><\/figure>\n<div>\n<p><b>Brosch\u00fcre &#8222;T\u00e4nze mit Rollator&#8220; zur CD &#8222;Tanzt einfach mit 3&#8220;, VKJK 0929<\/b><\/p>\n<p>Art.-Nr. 202390<\/p>\n<\/div>\n<\/div>\n<\/div>\n<div class=\"pbs-col\" style=\"flex-basis: 25%; justify-content: center; display: inline;\">\n<div class=\"typo3-neos-nodetypes-text\">\n<div>\n<p><strong>T\u00e4nze mit Rollator<\/strong><br \/>\nAchter-Kreis, Kombi TmR\/TiS<br \/>\nAchter in der Gasse<br \/>\nAuf Raubzug<br \/>\nBegegnungen in der Gasse + Vereinfachung<br \/>\nBitte wenden!<br \/>\nChilenischer Walzer<br \/>\nCowboy Country, Kombi TmR\/TiS<br \/>\nDer Fr\u00fchling kommt \u2013 im Kreis<br \/>\nDer Fr\u00fchling kommt \u2013 in der Gasse<br \/>\nDer rollende Tramper<br \/>\nDer Schenkelklopfer<br \/>\nDie Laterne an der Stra\u00dfe<br \/>\nDrei \u00fcber die Gasse<br \/>\nElvira tanzt<br \/>\nEs gibt noch Whiskey<br \/>\nFliegende T\u00fccher<br \/>\nFox-Kreis<br \/>\nFox-Trott flott<br \/>\nFox-Trott-Kreisel<br \/>\nGeh` mal hin\u00fcber<br \/>\nGr\u00fc\u00dfe aus Griechenland<br \/>\nGru\u00df aus Chile<br \/>\nIm Kreis um die Laterne<br \/>\nIm Viereck getippt + Vereinfachung<br \/>\nKlopf mal an! Kombi TmR\/TiS<br \/>\nKreisende Begegnung<br \/>\nKulsko-F\u00fc\u00dfling<br \/>\nLeichte F\u00fc\u00dfe, Kombi TmR\/TiS<br \/>\nMorgenritt\n<\/div>\n<\/div>\n<\/div>\n<div class=\"pbs-col\" style=\"flex-basis: 25%; justify-content: center; display: inline;\">\n<div class=\"typo3-neos-nodetypes-text\">\n<div>\n<p>Morgenspaziergang durch die Gasse<br \/>\nNein oder Ja?<br \/>\nPlatzwechsel im Kreis<br \/>\nQuigley`s Reel, Kombi TmR\/TiS 62<br \/>\nSamstagnacht in Louisiana + Vereinfachung<br \/>\nSpatzengezwitscher<br \/>\nSpaziergang am Morgen<br \/>\nTanzende Rosen<br \/>\nTanz um den See<br \/>\nTeller-Reel in der Gasse<br \/>\nWalzer auf der Linie<br \/>\nZu zweit unter der Laterne <\/p>\n<p><strong>Bewegungs\u00fcbungen<\/strong><br \/>\nDreier-Kr\u00fcsel \u2013 Schultern \/ Arme<br \/>\nEasynella \u2013 F\u00fc\u00dfe \/ Beine<br \/>\nHeiner`s Circle \u2013 Gleichgewicht<br \/>\nKulsko Horo \u2013 Rhythmus <\/p>\n<p><strong>T\u00e4nze im Sitzen<\/strong><br \/>\nAchter-Kreis im Sitzen, Kombi TmR\/TiS<br \/>\nCowboy Country im Sitzen, Kombi TmR\/TiS<br \/>\nKlopf mal an im Sitzen, Kombi TmR\/TiS<br \/>\nLeichte F\u00fc\u00dfe im Sitzen, Kombi TmR\/TiS<br \/>\nQuigley`s Reel im Sitzen, Kombi TmR\/TiS\n<\/div>\n<\/div>\n<\/div>\n<div class=\"pbs-col\" style=\"flex-basis: 25%; justify-content: center; display: inline;\">\n<div class=\"typo3-neos-nodetypes-text\">\n<div>\n<p><b>EUR 25,00<br \/>\n<\/b> inkl. MwSt., zzgl. <a href=\"https:\/\/erlebnis-tanz.org\/bvst\/produkte\/versand\/\" xlink=\"href\">Versand<\/a><\/p>\n<\/div>\n<\/div>\n<div class=\"typo3-neos-nodetypes-html\">\n<form name=\"order\">Anzahl:<br \/>\n<input maxlength=\"3\" name=\"QUANTITY\" size=\"2\" type=\"text\" value=\"1\" \/><br \/>\n<input name=\"PRICE\" type=\"hidden\" value=\"25.00\" \/><br \/>\n<input name=\"NAME\" type=\"hidden\" value=\"'Brosch\u00fcre 'T\u00e4nze mit Rollator' zur CD VKJK 0929\" \/><br \/>\n<input name=\"ID_NUM\" type=\"hidden\" value=\"202390\" \/><br \/>\n<input name=\"SHIPPING\" type=\"hidden\" value=\"\" \/><br \/>\n<input type=\"button\" value=\" Warenkorb + \" onclick='AddToCart(this.form)' \/><\/form>\n<\/div>\n<\/div>\n<\/div>\n<hr \/>\n<p style=\"text-align: center;\">* * * * *<\/p>\n<p><a id=\"WEITERES\" xlink=\"href\"><\/p>\n<div class=\"pbs-row\" style=\"min-height: 200px;\">\n<div class=\"pbs-col\" style=\"flex-basis: 25%; justify-content: center; display: inline;\">\n<div class=\"typo3-neos-nodetypes-html\"><a id=\"200140\" xlink=\"href\"><\/a><\/div>\n<div class=\"typo3-neos-nodetypes-textwithimage\">\n<figure><img loading=\"lazy\" decoding=\"async\" src=\"https:\/\/erlebnis-tanz.org\/bvst\/wp-content\/uploads\/sites\/2\/2025\/04\/Tanzschluessel_2025.jpg\" width=\"127\" height=\"180\" \/><\/figure>\n<div>\n<p><strong>\u201cTanzschl\u00fcssel 2025\u201d<br \/>(\u00fcberarbeitete Auflage, Spiraldruck)<\/strong><\/p>\n<p>Art.-Nr. 200140<\/p>\n<\/div>\n<\/div>\n<\/div>\n<div class=\"pbs-col\" style=\"flex-basis: 25%; justify-content: center; display: inline;\">\n<div class=\"typo3-neos-nodetypes-text\">\n<div>\n<p>Seniorentanz ist eine spezielle Tanzdisziplin. Jede Tanzdisziplin ben\u00f6tigt zur Weitergabe der T\u00e4nze und zur schriftlichen Fixierung der Bewegungsabl\u00e4ufe eine eigene Tanzsprache \u2013 einen Tanzschl\u00fcssel. Die Besonderheit des Seniorentanzes besteht unter anderem darin, dass Tanzformen aus der internationalen Folklore sowie aus<\/p>\n<\/div>\n<\/div>\n<\/div>\n<div class=\"pbs-col\" style=\"flex-basis: 25%; justify-content: center; display: inline;\">\n<div class=\"typo3-neos-nodetypes-text\">\n<div>\n<p>dem Gesellschaftstanz aufgenommen werden. Der Tanzschl\u00fcssel f\u00fcr den Seniorentanz ist eine Einigung auf eine Tanzsprache, die Fachausdr\u00fccke aus unterschiedlichen Tanzdisziplinen enth\u00e4lt. Bundesverband Seniorentanz e.V. 2016-2025 \u00a9<\/p>\n<\/div>\n<\/div>\n<\/div>\n<div class=\"pbs-col\" style=\"flex-basis: 25%; justify-content: center; display: inline;\">\n<div class=\"typo3-neos-nodetypes-text\">\n<div>\n<p><strong>EUR 13,90<\/strong><br \/>\ninkl. MwSt., zzgl. <a href=\"https:\/\/erlebnis-tanz.org\/bvst\/produkte\/versand\/\" xlink=\"href\">Versand<\/a><\/p>\n<\/div>\n<\/div>\n<div class=\"typo3-neos-nodetypes-html\">\n<form name=\"order\">Anzahl:<br \/>\n<input maxlength=\"3\" name=\"QUANTITY\" size=\"2\" type=\"text\" value=\"1\" \/><br \/>\n<input name=\"PRICE\" type=\"hidden\" value=\"13.90\" \/><br \/>\n<input name=\"NAME\" type=\"hidden\" value=\"'Tanzschl\u00fcssel 2025'\" \/><br \/>\n<input name=\"ID_NUM\" type=\"hidden\" value=\"200140\" \/><br \/>\n<input name=\"SHIPPING\" type=\"hidden\" value=\"\" \/><br \/>\n<input type=\"button\" value=\" Warenkorb + \" onclick='AddToCart(this.form)' \/><\/form>\n<\/div>\n<\/div>\n<\/div>\n<div class=\"typo3-neos-nodetypes-text\">\n<div>\n<p style=\"text-align: center;\">* * * * *<\/p>\n<\/div>\n<\/div>\n<div class=\"pbs-row\" style=\"min-height: 200px;\">\n<div class=\"pbs-col\" style=\"flex-basis: 25%; justify-content: center; display: inline;\">\n<div class=\"typo3-neos-nodetypes-html\"><a id=\"401360\" xlink=\"href\"><\/a><\/div>\n<div class=\"typo3-neos-nodetypes-textwithimage\">\n<figure><img loading=\"lazy\" decoding=\"async\" src=\"https:\/\/erlebnis-tanz.org\/bvst\/wp-content\/uploads\/sites\/2\/2025\/01\/401300aneu.jpg\" width=\"143\" height=\"200\" \/><\/figure>\n<div>\n<p><strong>Aufkleber \u201cErlebniSTanz\u201d-Bogen \u00e1 20 St\u00fcck<\/strong><\/p>\n<p>Art.-Nr. 401360<\/p>\n<\/div>\n<\/div>\n<\/div>\n<div class=\"pbs-col\" style=\"flex-basis: 25%; justify-content: center; display: inline;\">\n<div class=\"typo3-neos-nodetypes-text\">\n<div>\n<p>Aufkleber<br \/>\n\u201eErlebniSTanz\u201c-Bogen<br \/>\n\u00e1 20 St\u00fcck<\/p>\n<\/div>\n<\/div>\n<\/div>\n<div class=\"pbs-col\" style=\"flex-basis: 25%; justify-content: center; display: inline;\"><\/div>\n<div class=\"pbs-col\" style=\"flex-basis: 25%; justify-content: center; display: inline;\">\n<div class=\"typo3-neos-nodetypes-text\">\n<div>\n<p><strong>EUR 3,13<\/strong><br \/>\ninkl. MwSt., zzgl. <a href=\"https:\/\/erlebnis-tanz.org\/bvst\/produkte\/versand\/\" xlink=\"href\">Versand<\/a><\/p>\n<\/div>\n<\/div>\n<div class=\"typo3-neos-nodetypes-html\">\n<form name=\"order\">Anzahl:<br \/>\n<input maxlength=\"3\" name=\"QUANTITY\" size=\"2\" type=\"text\" value=\"1\" \/><br \/>\n<input name=\"PRICE\" type=\"hidden\" value=\"3.13\" \/><br \/>\n<input name=\"NAME\" type=\"hidden\" value=\"Aufkleber 'ErlebniSTanz'-Bogen (20 St\u00fcck)\" \/><br \/>\n<input name=\"ID_NUM\" type=\"hidden\" value=\"401360\" \/><br \/>\n<input name=\"SHIPPING\" type=\"hidden\" value=\"\" \/><br \/>\n<input type=\"button\" value=\" Warenkorb + \" onclick='AddToCart(this.form)' \/><\/form>\n<\/div>\n<\/div>\n<\/div>\n<div class=\"typo3-neos-nodetypes-text\">\n<div>\n<p style=\"text-align: center;\">* * * * *<\/p>\n<\/div>\n<\/div>\n<div class=\"pbs-row\" style=\"min-height: 200px;\">\n<div class=\"pbs-col\" style=\"flex-basis: 25%; justify-content: center; display: inline;\">\n<div class=\"typo3-neos-nodetypes-html\"><a id=\"401310\" xlink=\"href\"><\/a><\/div>\n<div class=\"typo3-neos-nodetypes-textwithimage\">\n<figure><img loading=\"lazy\" decoding=\"async\" src=\"https:\/\/erlebnis-tanz.org\/bvst\/wp-content\/uploads\/sites\/2\/2021\/06\/Aufkleber_rund.jpg\" width=\"180\" height=\"182\" \/><\/figure>\n<div>\n<p><strong>Aufkleber \u201cErlebniSTanz\u201d,<br \/>\n10er Pack<\/strong><\/p>\n<p>Art.-Nr. 401320<\/p>\n<\/div>\n<\/div>\n<\/div>\n<div class=\"pbs-col\" style=\"flex-basis: 25%; justify-content: center; display: inline;\">\n<div class=\"typo3-neos-nodetypes-text\">\n<div>\n<p>Outdoor-Aufkleber<br \/>\n\u201cErlebniSTanz\u201d<br \/>\nim 10er Pack, rund, \u00d8 10cm<\/p>\n<\/div>\n<\/div>\n<\/div>\n<div class=\"pbs-col\" style=\"flex-basis: 25%; justify-content: center; display: inline;\"><\/div>\n<div class=\"pbs-col\" style=\"flex-basis: 25%; justify-content: center; display: inline;\">\n<div class=\"typo3-neos-nodetypes-text\">\n<div>\n<p><strong>EUR 4,00<\/strong><br \/>\ninkl. MwSt., zzgl. <a href=\"https:\/\/erlebnis-tanz.org\/bvst\/produkte\/versand\/\" xlink=\"href\">Versand<\/a><\/p>\n<\/div>\n<\/div>\n<div class=\"typo3-neos-nodetypes-html\">\n<form name=\"order\">Anzahl:<br \/>\n<input maxlength=\"3\" name=\"QUANTITY\" size=\"2\" type=\"text\" value=\"1\" \/><br \/>\n<input name=\"PRICE\" type=\"hidden\" value=\"4.00\" \/><br \/>\n<input name=\"NAME\" type=\"hidden\" value=\"Aufkleber 'ErlebniSTanz' (10er Pack)\" \/><br \/>\n<input name=\"ID_NUM\" type=\"hidden\" value=\"401320\" \/><br \/>\n<input name=\"SHIPPING\" type=\"hidden\" value=\"\" \/><br \/>\n<input type=\"button\" value=\" Warenkorb + \" onclick='AddToCart(this.form)' \/><\/form>\n<\/div>\n<\/div>\n<\/div>\n<div class=\"pbs-row\" style=\"min-height: 200px;\">\n<div class=\"pbs-col\" style=\"flex-basis: 25%; justify-content: center; display: inline;\">\n<div class=\"typo3-neos-nodetypes-html\"><a id=\"401330\" xlink=\"href\"><\/a><\/div>\n<div class=\"typo3-neos-nodetypes-textwithimage\">\n<figure><img loading=\"lazy\" decoding=\"async\" src=\"https:\/\/erlebnis-tanz.org\/bvst\/wp-content\/uploads\/sites\/2\/2021\/06\/401330a.jpg\" width=\"150\" height=\"106\" \/><\/figure>\n<div>\n<p><strong>Haftzettelnotizen \u201cErlebniSTanz\u201d-Block \u00e1 50 Blatt<\/strong><\/p>\n<p>Art.-Nr. 401330<\/p>\n<\/div>\n<\/div>\n<\/div>\n<div class=\"pbs-col\" style=\"flex-basis: 25%; justify-content: center; display: inline;\">\n<div class=\"typo3-neos-nodetypes-text\">\n<div>\n<p>Haftzettelnotizen<br \/>\n\u201eErlebniSTanz\u201c-Block<br \/>\n\u00e1 50 Blatt<\/p>\n<\/div>\n<\/div>\n<\/div>\n<div class=\"pbs-col\" style=\"flex-basis: 25%; justify-content: center; display: inline;\"><\/div>\n<div class=\"pbs-col\" style=\"flex-basis: 25%; justify-content: center; display: inline;\">\n<div class=\"typo3-neos-nodetypes-text\">\n<div>\n<p><strong>EUR 1,20<\/strong><br \/>\ninkl. MwSt., zzgl. <a href=\"..service\/versand-lieferung.html\" xlink=\"href\">Versand<\/a><\/p>\n<\/div>\n<\/div>\n<div class=\"typo3-neos-nodetypes-html\">\n<form name=\"order\">Anzahl:<br \/>\n<input maxlength=\"3\" name=\"QUANTITY\" size=\"2\" type=\"text\" value=\"1\" \/><br \/>\n<input name=\"PRICE\" type=\"hidden\" value=\"1.20\" \/><br \/>\n<input name=\"NAME\" type=\"hidden\" value=\"Haftzettelnotizen 'ErlebniSTanz'-Block \u00e1 50 Blatt\" \/><br \/>\n<input name=\"ID_NUM\" type=\"hidden\" value=\"401330\" \/><br \/>\n<input name=\"SHIPPING\" type=\"hidden\" value=\"\" \/><br \/>\n<input type=\"button\" value=\" Warenkorb + \" onclick='AddToCart(this.form)' \/><\/form>\n<\/div>\n<\/div>\n<\/div>\n<div class=\"typo3-neos-nodetypes-text\">\n<div>\n<p style=\"text-align: center;\">* * * * *<\/p>\n<\/div>\n<\/div>\n<\/div>\n<\/div>\n<div class=\"pbs-row\" style=\"min-height: 200px;\">\n<div class=\"pbs-col\" style=\"flex-basis: 25%; justify-content: center; display: inline;\">\n<div class=\"typo3-neos-nodetypes-html\"><a id=\"401350\" xlink=\"href\"><\/a><\/div>\n<div class=\"typo3-neos-nodetypes-textwithimage\">\n<figure><img loading=\"lazy\" decoding=\"async\" src=\"https:\/\/erlebnis-tanz.org\/bvst\/wp-content\/uploads\/sites\/2\/2021\/12\/401350.jpg\" width=\"150\" height=\"106\" \/><\/figure>\n<div>\n<p><strong>Schreibblock \u201aErlebniSTanz\u2018, DIN A6<\/strong><\/p>\n<p>Art.-Nr. 401350<\/p>\n<\/div>\n<\/div>\n<\/div>\n<div class=\"pbs-col\" style=\"flex-basis: 25%; justify-content: center; display: inline;\">\n<div class=\"typo3-neos-nodetypes-text\">\n<div>\n<p>Schreibblock \u201aErlebniSTanz\u2018 DIN A6,<br \/>\nliniert, je 25 Blatt<br \/>\n10er Pack <\/p>\n<\/div>\n<\/div>\n<\/div>\n<div class=\"pbs-col\" style=\"flex-basis: 25%; justify-content: center; display: inline;\"><\/div>\n<div class=\"pbs-col\" style=\"flex-basis: 25%; justify-content: center; display: inline;\">\n<div class=\"typo3-neos-nodetypes-text\">\n<div>\n<p><strong>EUR 6,00<\/strong><br \/>\ninkl. MwSt., zzgl. <a href=\"..service\/versand-lieferung.html\" xlink=\"href\">Versand<\/a><\/p>\n<\/div>\n<\/div>\n<div class=\"typo3-neos-nodetypes-html\">\n<form name=\"order\">Anzahl:<br \/>\n<input maxlength=\"3\" name=\"QUANTITY\" size=\"2\" type=\"text\" value=\"1\" \/><br \/>\n<input name=\"PRICE\" type=\"hidden\" value=\"6.00\" \/><br \/>\n<input name=\"NAME\" type=\"hidden\" value=\"Schreibblock 'ErlebniSTanz', 10er Pack\" \/><br \/>\n<input name=\"ID_NUM\" type=\"hidden\" value=\"401350\" \/><br \/>\n<input name=\"SHIPPING\" type=\"hidden\" value=\"\" \/><br \/>\n<input type=\"button\" value=\" Warenkorb + \" onclick='AddToCart(this.form)' \/><\/form>\n<\/div>\n<\/div>\n<\/div>\n<div class=\"typo3-neos-nodetypes-text\">\n<div>\n<p style=\"text-align: center;\">* * * * *<\/p>\n<\/div>\n<\/div>\n<\/div>\n<\/div>\n<div>\n<p style=\"text-align: left;\">Weitere Artikel (T-Shirts, Taschen usw.) bestellen Sie direkt im <a href=\"https:\/\/bvst.myspreadshop.de\/\" target=\"_blank\" rel=\"noopener\">Spreadshop &#8211; Sei dabei!<\/a>.<\/p>\n<p>Produktbeispiele (Farbe, Gr\u00f6\u00dfe und Aufdruck kann individuell ver\u00e4ndert und erweitert werden):<br \/>\n<img decoding=\"async\" src=\"https:\/\/erlebnis-tanz.org\/bvst\/wp-content\/uploads\/sites\/2\/2022\/11\/b1.jpg\" width=\"180\" \/><img decoding=\"async\" src=\"https:\/\/erlebnis-tanz.org\/bvst\/wp-content\/uploads\/sites\/2\/2022\/11\/b2.jpg\" width=\"180\" \/><img decoding=\"async\" src=\"https:\/\/erlebnis-tanz.org\/bvst\/wp-content\/uploads\/sites\/2\/2022\/11\/b3.jpg\" width=\"180\" \/><br \/><img decoding=\"async\" src=\"https:\/\/erlebnis-tanz.org\/bvst\/wp-content\/uploads\/sites\/2\/2022\/11\/b4.jpg\" width=\"180\" \/><img decoding=\"async\" src=\"https:\/\/erlebnis-tanz.org\/bvst\/wp-content\/uploads\/sites\/2\/2022\/11\/b5.jpg\" width=\"180\" \/><\/p>\n<p>Viel Spa\u00df beim St\u00f6bern &#038; Shoppen!<\/p>\n<p><a href=\"https:\/\/bvst.myspreadshop.de\/\" target=\"_blank\" rel=\"noopener\">Hier geht&#8217;s direkt zum Spreadhop &#8211; Sei dabei!<\/a>\n<\/p>\n<\/div>\n<div class=\"typo3-neos-nodetypes-html\"><script> function getOffset( el ) {     var _x = 0;     var _y = 0;     while( el && !isNaN( el.offsetLeft ) && !isNaN( el.offsetTop ) ) {         _x += el.offsetLeft - el.scrollLeft;         _y += el.offsetTop - el.scrollTop;         el = el.offsetParent;     }     return _y }\/\/document.onreadystatechange = function () { \/\/if (document.readyState == \"complete\") {    var xx = document.location.href;    if (xx.search('html#') > 0) {    \/\/alert(xx.length);    var xstart = xx.search('html#') + 5;    \/\/alert(xstart);    var xlen = xx.length;     \/\/alert(xlen);    \/\/alert(xx.substring(xstart,xlen));    var xxs = xx.substring(xstart,xlen);    var x = getOffset(document.getElementById(xxs));     \/\/alert(x);    \/\/window.scrollTo(0,x-276);    window.setTimeout(\"window.scrollTo(0,x-285)\",500)    } \/\/ } \/\/}<\/script><\/div>\n<div data-ce-tag=\"spacer\"><\/div>\n<div data-ce-tag=\"spacer\"><\/div>\n<\/div>\n<\/div>\n<\/div>","protected":false},"excerpt":{"rendered":"<p>Mitglieder erhalten 20% Rabatt! Alle Preise verstehen sich inkl. MwSt. und zzgl. Versand. ARTIKELSUCHE Sonstige Artikel Set \u2018SEI DABEI\u2019 CD VKJK 2005 und Brosch\u00fcre * Art.-Nr. 304000 T\u00e4nze Baby Square &hellip;<\/p>\n","protected":false},"author":1,"featured_media":0,"parent":951,"menu_order":0,"comment_status":"closed","ping_status":"closed","template":"fullwidth.php","meta":{"footnotes":""},"class_list":["post-962","page","type-page","status-publish","hentry"],"_links":{"self":[{"href":"https:\/\/erlebnis-tanz.org\/bvst\/wp-json\/wp\/v2\/pages\/962","targetHints":{"allow":["GET"]}}],"collection":[{"href":"https:\/\/erlebnis-tanz.org\/bvst\/wp-json\/wp\/v2\/pages"}],"about":[{"href":"https:\/\/erlebnis-tanz.org\/bvst\/wp-json\/wp\/v2\/types\/page"}],"author":[{"embeddable":true,"href":"https:\/\/erlebnis-tanz.org\/bvst\/wp-json\/wp\/v2\/users\/1"}],"replies":[{"embeddable":true,"href":"https:\/\/erlebnis-tanz.org\/bvst\/wp-json\/wp\/v2\/comments?post=962"}],"version-history":[{"count":45,"href":"https:\/\/erlebnis-tanz.org\/bvst\/wp-json\/wp\/v2\/pages\/962\/revisions"}],"predecessor-version":[{"id":18399,"href":"https:\/\/erlebnis-tanz.org\/bvst\/wp-json\/wp\/v2\/pages\/962\/revisions\/18399"}],"up":[{"embeddable":true,"href":"https:\/\/erlebnis-tanz.org\/bvst\/wp-json\/wp\/v2\/pages\/951"}],"wp:attachment":[{"href":"https:\/\/erlebnis-tanz.org\/bvst\/wp-json\/wp\/v2\/media?parent=962"}],"curies":[{"name":"wp","href":"https:\/\/api.w.org\/{rel}","templated":true}]}}