{"id":157,"date":"2021-03-24T10:09:46","date_gmt":"2021-03-24T09:09:46","guid":{"rendered":"https:\/\/erlebnis-tanz.org\/hessen\/?page_id=157"},"modified":"2021-06-28T12:08:40","modified_gmt":"2021-06-28T10:08:40","slug":"ak-kassel-ost-2","status":"publish","type":"page","link":"https:\/\/erlebnis-tanz.org\/hessen\/ak-kassel-ost-2\/","title":{"rendered":"AK Kassel-Ost"},"content":{"rendered":"<div class=\"pbs-main-wrapper\"><p><img decoding=\"async\" alt class=\"ms-rteImage-4\" height=\"300\" src=\"https:\/\/erlebnis-tanz.org\/hessen\/wp-content\/uploads\/sites\/9\/2021\/03\/DSCN6326.JPG\"><\/p>\n<p style=\"margin-top: -19px;\">v.l.n.r.: Bruni Eikenroth, Anita Krey, Hannelore Hein, Anne J\u00e4ger<\/p>\n<h4 style=\"margin-top: 40px;\"> AK Leitung <\/h4>\n<p>Anita Krey, Tel. 0561 \/ 9823775<\/p>\n<h4 style=\"margin-top: 40px;\"> AK Treffen <\/h4>\n<p>Viermal im Jahr treffen wir uns an einem Samstag von 09:30 \u2013 15:00 Uhr (siehe Termine)<\/p>\n<h4 style=\"margin-top: 40px;\"> AK Ort <\/h4>\n<p>Gemeindesaal der Auferstehungskirche<br \/> Mombachstr. 24<br \/> 34127 Kassel<br \/> Der Saal ist mit der Stra\u00dfenbahn Lilie 1 und 5 zu erreichen (Haltestelle Hallitplatz).<\/p>\n<h4 style=\"margin-top: 40px;\"> AK Mitglieder <\/h4>\n<p style=\"margin-bottom: 40px;\">Zur Zeit z\u00e4hlt unser Arbeitskreis \u00fcber 35 Mitglieder<\/p>\n<h4> Auf zum Tanzfest nach Berlin <\/h4>\n<p>Unseren geplanten AK Tag am 26. August 2017 in Kassel haben wir anl\u00e4sslich des Tanzfestes des BVST zum 40-j\u00e4hrigen Jubil\u00e4um nach Berlin auf die IGA verlegt. Barbara Steltner und Helga Schewe f\u00fchrten mit ihren Tanzansagen gekonnt und flott&nbsp; durch das Programm. Die vielen sch\u00f6nen T\u00e4nze wurden von den gef\u00fchlten \u00fcber 1400 T\u00e4nzern bei sch\u00f6nem Sommerwetter und guter Laune getanzt. Der zweite Tag f\u00fchrte uns mit einem Stadtf\u00fchrer kreuz und quer durch Berlin zu vielen bekannten Pl\u00e4tzen und Geb\u00e4uden. Es war ein in jeder Beziehung gelungenes und sch\u00f6nes Wochenende bei dem auch unser Busfahrer von Peter\u00b4s Reisedienst einiges an Informationen beigesteuert hat.<\/p>\n<p><img decoding=\"async\" alt class=\"ms-rteImage-4\" src=\"https:\/\/erlebnis-tanz.org\/hessen\/wp-content\/uploads\/sites\/9\/2021\/03\/AKKO-Berlin-2017.jpg\"><\/p>\n<h4 style=\"margin-top: 40px;\"> Aktuelle Termine <\/h4>\n<script type=\"text\/javascript\">\/\/ <![CDATA[\njQuery(document).ready(function(){\n\tsetInterval( function() { AutoiFrameAdjustiFrameHeight( 'mis', 50); }, 1000 );\n});\n\/\/ ]]><\/script>\n<iframe loading=\"lazy\" id=\"mis\" name=\"mis\" src=\"https:\/\/bvstodata.com\/aktermine4.aspx?ak=Kassel-Ost&#038;lv=Hessen&#038;link=false&#038;link=false\" width=\"100%\" height=\"1024px\" frameborder=\"0\" scrolling=\"no\"onload=\"AutoiFrameAdjustiFrameHeight('mis',50);\"><\/iframe>\n<\/div>","protected":false},"excerpt":{"rendered":"<p>v.l.n.r.: Bruni Eikenroth, Anita Krey, Hannelore Hein, Anne J\u00e4ger AK Leitung Anita Krey, Tel. 0561 \/ 9823775 AK Treffen Viermal im Jahr treffen wir uns an einem Samstag von 09:30 &hellip;<\/p>\n","protected":false},"author":1,"featured_media":0,"parent":0,"menu_order":0,"comment_status":"closed","ping_status":"closed","template":"fullwidth.php","meta":{"footnotes":""},"class_list":["post-157","page","type-page","status-publish","hentry"],"_links":{"self":[{"href":"https:\/\/erlebnis-tanz.org\/hessen\/wp-json\/wp\/v2\/pages\/157","targetHints":{"allow":["GET"]}}],"collection":[{"href":"https:\/\/erlebnis-tanz.org\/hessen\/wp-json\/wp\/v2\/pages"}],"about":[{"href":"https:\/\/erlebnis-tanz.org\/hessen\/wp-json\/wp\/v2\/types\/page"}],"author":[{"embeddable":true,"href":"https:\/\/erlebnis-tanz.org\/hessen\/wp-json\/wp\/v2\/users\/1"}],"replies":[{"embeddable":true,"href":"https:\/\/erlebnis-tanz.org\/hessen\/wp-json\/wp\/v2\/comments?post=157"}],"version-history":[{"count":5,"href":"https:\/\/erlebnis-tanz.org\/hessen\/wp-json\/wp\/v2\/pages\/157\/revisions"}],"predecessor-version":[{"id":392,"href":"https:\/\/erlebnis-tanz.org\/hessen\/wp-json\/wp\/v2\/pages\/157\/revisions\/392"}],"wp:attachment":[{"href":"https:\/\/erlebnis-tanz.org\/hessen\/wp-json\/wp\/v2\/media?parent=157"}],"curies":[{"name":"wp","href":"https:\/\/api.w.org\/{rel}","templated":true}]}}