{"id":16,"date":"2021-03-28T12:53:13","date_gmt":"2021-03-28T10:53:13","guid":{"rendered":"https:\/\/erlebnis-tanz.org\/meckpom\/?page_id=16"},"modified":"2025-05-22T16:32:31","modified_gmt":"2025-05-22T14:32:31","slug":"veranstaltungen","status":"publish","type":"page","link":"https:\/\/erlebnis-tanz.org\/meckpom\/veranstaltungen\/","title":{"rendered":"Veranstaltungen"},"content":{"rendered":"<div class=\"pbs-main-wrapper\"><p><span style=\"font-weight:bold\">30-j\u00e4hriges Jubil\u00e4um der Gr\u00fcndung des AK Schwerin<\/span><\/p>\n<p>Der AK Schwerin begeht mit einer Festveranstaltung das 30. Jubil\u00e4um seiner Gr\u00fcndung. Aus diesem Anlass wird ein Tanzfest in Kuhstorf bei Hagenow veranstaltet.<\/p>\n<p>Termin: 06.06.2026 , Anmeldung: bei AK Leiterin Schwerin Esther Appuhn<\/p>\n<p><span style=\"font-weight:bold\">Tanzfest zum 30-j\u00e4hrigen Bestehen des Landesverbandes Mecklenburg\/Vorpommern<\/span><\/p>\n<p>Der Landesverband Mecklenburg Vorpommern feiert in diesem Jahr sein 30-j\u00e4hriges Bestehen. Aus diesem Anlass wird ein Tanzfest in G\u00fcstrow veranstaltet.<\/p>\n<p>Termin: 14.06.2025 von 12:30 Uhr bis 17:30 Uhr, Anmeldung \u00fcber die Tanzleiter<\/p>\n<\/div>","protected":false},"excerpt":{"rendered":"<p>30-j\u00e4hriges Jubil\u00e4um der Gr\u00fcndung des AK Schwerin Der AK Schwerin begeht mit einer Festveranstaltung das 30. Jubil\u00e4um seiner Gr\u00fcndung. Aus diesem Anlass wird ein Tanzfest in Kuhstorf bei Hagenow veranstaltet. &hellip;<\/p>\n","protected":false},"author":1,"featured_media":0,"parent":0,"menu_order":0,"comment_status":"closed","ping_status":"closed","template":"fullwidth.php","meta":{"footnotes":""},"class_list":["post-16","page","type-page","status-publish","hentry"],"_links":{"self":[{"href":"https:\/\/erlebnis-tanz.org\/meckpom\/wp-json\/wp\/v2\/pages\/16","targetHints":{"allow":["GET"]}}],"collection":[{"href":"https:\/\/erlebnis-tanz.org\/meckpom\/wp-json\/wp\/v2\/pages"}],"about":[{"href":"https:\/\/erlebnis-tanz.org\/meckpom\/wp-json\/wp\/v2\/types\/page"}],"author":[{"embeddable":true,"href":"https:\/\/erlebnis-tanz.org\/meckpom\/wp-json\/wp\/v2\/users\/1"}],"replies":[{"embeddable":true,"href":"https:\/\/erlebnis-tanz.org\/meckpom\/wp-json\/wp\/v2\/comments?post=16"}],"version-history":[{"count":27,"href":"https:\/\/erlebnis-tanz.org\/meckpom\/wp-json\/wp\/v2\/pages\/16\/revisions"}],"predecessor-version":[{"id":469,"href":"https:\/\/erlebnis-tanz.org\/meckpom\/wp-json\/wp\/v2\/pages\/16\/revisions\/469"}],"wp:attachment":[{"href":"https:\/\/erlebnis-tanz.org\/meckpom\/wp-json\/wp\/v2\/media?parent=16"}],"curies":[{"name":"wp","href":"https:\/\/api.w.org\/{rel}","templated":true}]}}

<div class="pbs-main-wrapper"><p><span style="font-weight:bold">30-jähriges Jubiläum der Gründung des AK Schwerin</span></p>
<p>Der AK Schwerin begeht mit einer Festveranstaltung das 30. Jubiläum seiner Gründung. Aus diesem Anlass wird ein Tanzfest in Kuhstorf bei Hagenow veranstaltet.</p>
<p>Termin: 06.06.2026 , Anmeldung: bei AK Leiterin Schwerin Esther Appuhn</p>
<p><span style="font-weight:bold">Tanzfest zum 30-jährigen Bestehen des Landesverbandes Mecklenburg/Vorpommern</span></p>
<p>Der Landesverband Mecklenburg Vorpommern feiert in diesem Jahr sein 30-jähriges Bestehen. Aus diesem Anlass wird ein Tanzfest in Güstrow veranstaltet.</p>
<p>Termin: 14.06.2025 von 12:30 Uhr bis 17:30 Uhr, Anmeldung über die Tanzleiter</p>
</div>

<p>30-jähriges Jubiläum der Gründung des AK Schwerin Der AK Schwerin begeht mit einer Festveranstaltung das 30. Jubiläum seiner Gründung. Aus diesem Anlass wird ein Tanzfest in Kuhstorf bei Hagenow veranstaltet. &hellip;</p>
