{"id":30,"date":"2021-03-28T12:55:58","date_gmt":"2021-03-28T10:55:58","guid":{"rendered":"https:\/\/erlebnis-tanz.org\/meckpom\/?page_id=30"},"modified":"2025-05-22T16:55:21","modified_gmt":"2025-05-22T14:55:21","slug":"veranstaltungsnachlese","status":"publish","type":"page","link":"https:\/\/erlebnis-tanz.org\/meckpom\/veranstaltungsnachlese\/","title":{"rendered":"Veranstaltungsnachlese"},"content":{"rendered":"<div class=\"pbs-main-wrapper\"><h4 style=\"margin-bottom: 31px\">  Israelisches Tanzseminar in Grevesm\u00fchlen  <\/h4>\n<p>Am Samstag, den 17. Mai veranstaltete das AK Schwerin ein begeisterndes Seminar f\u00fcr israelischen Tanz im Luise-Reuter-Saal in Grevesm\u00fchlen.<\/p>\n<p>Unter der inspirierenden Leitung von Heidi Krieger, Referentin aus Hamburg, tauchten 28 Teilnehmer in die vielf\u00e4ltige Welt des israelischen Tanzes ein.<\/p>\n<p style=\"margin-bottom: 122px\">Von langsam und meditativ bis hin zu schnell und mitrei\u00dfend \u2013 die T\u00e4nze f\u00fchrten durch unterschiedlichste Stimmungen und Rhythmen. Es wurde gelacht, gelernt und gemeinsam getanzt \u2013 ein bewegender Tag voller Gemeinschaft und Lebensfreude!<\/p>\n<p><img loading=\"lazy\" decoding=\"async\" alt class=\"size-medium wp-image-472 aligncenter\" height=\"277\" src=\"https:\/\/erlebnis-tanz.org\/meckpom\/wp-content\/uploads\/sites\/10\/2025\/05\/20250517_150120-300x169.jpg\" style=\"margin-bottom: 22px;margin-top: -68px;height: auto;width: 493px\" width=\"493\" srcset=\"https:\/\/erlebnis-tanz.org\/meckpom\/wp-content\/uploads\/sites\/10\/2025\/05\/20250517_150120-300x169.jpg 300w, https:\/\/erlebnis-tanz.org\/meckpom\/wp-content\/uploads\/sites\/10\/2025\/05\/20250517_150120-1024x576.jpg 1024w, https:\/\/erlebnis-tanz.org\/meckpom\/wp-content\/uploads\/sites\/10\/2025\/05\/20250517_150120-768x432.jpg 768w, https:\/\/erlebnis-tanz.org\/meckpom\/wp-content\/uploads\/sites\/10\/2025\/05\/20250517_150120-1536x864.jpg 1536w, https:\/\/erlebnis-tanz.org\/meckpom\/wp-content\/uploads\/sites\/10\/2025\/05\/20250517_150120-2048x1153.jpg 2048w\" sizes=\"auto, (max-width: 493px) 100vw, 493px\" \/>Autor: Astrid Staathof<\/p>\n<\/div>","protected":false},"excerpt":{"rendered":"<p>Israelisches Tanzseminar in Grevesm\u00fchlen Am Samstag, den 17. Mai veranstaltete das AK Schwerin ein begeisterndes Seminar f\u00fcr israelischen Tanz im Luise-Reuter-Saal in Grevesm\u00fchlen. Unter der inspirierenden Leitung von Heidi Krieger, &hellip;<\/p>\n","protected":false},"author":1,"featured_media":0,"parent":0,"menu_order":0,"comment_status":"closed","ping_status":"closed","template":"fullwidth.php","meta":{"footnotes":""},"class_list":["post-30","page","type-page","status-publish","hentry"],"_links":{"self":[{"href":"https:\/\/erlebnis-tanz.org\/meckpom\/wp-json\/wp\/v2\/pages\/30","targetHints":{"allow":["GET"]}}],"collection":[{"href":"https:\/\/erlebnis-tanz.org\/meckpom\/wp-json\/wp\/v2\/pages"}],"about":[{"href":"https:\/\/erlebnis-tanz.org\/meckpom\/wp-json\/wp\/v2\/types\/page"}],"author":[{"embeddable":true,"href":"https:\/\/erlebnis-tanz.org\/meckpom\/wp-json\/wp\/v2\/users\/1"}],"replies":[{"embeddable":true,"href":"https:\/\/erlebnis-tanz.org\/meckpom\/wp-json\/wp\/v2\/comments?post=30"}],"version-history":[{"count":19,"href":"https:\/\/erlebnis-tanz.org\/meckpom\/wp-json\/wp\/v2\/pages\/30\/revisions"}],"predecessor-version":[{"id":473,"href":"https:\/\/erlebnis-tanz.org\/meckpom\/wp-json\/wp\/v2\/pages\/30\/revisions\/473"}],"wp:attachment":[{"href":"https:\/\/erlebnis-tanz.org\/meckpom\/wp-json\/wp\/v2\/media?parent=30"}],"curies":[{"name":"wp","href":"https:\/\/api.w.org\/{rel}","templated":true}]}}