{"id":36,"date":"2021-03-28T12:57:05","date_gmt":"2021-03-28T10:57:05","guid":{"rendered":"https:\/\/erlebnis-tanz.org\/meckpom\/?page_id=36"},"modified":"2025-05-03T12:39:13","modified_gmt":"2025-05-03T10:39:13","slug":"seminare","status":"publish","type":"page","link":"https:\/\/erlebnis-tanz.org\/meckpom\/seminare\/","title":{"rendered":"Seminare"},"content":{"rendered":"<div class=\"pbs-main-wrapper\"><pre>Zeitraum\u200b            Ort              Seminarbezeichnung                             Referententeam\u200b<\/pre>\n<div class=\"pbs-row\" style=\"min-height: 44px;margin-bottom: 117px;margin-top: 6px\">\n<div class=\"pbs-col\" style=\"flex-basis: 11.4158%;justify-content: center\">\n<p>10.05.2025<\/p>\n<\/div>\n<div class=\"pbs-col\" style=\"flex-basis: 20.1254%;justify-content: center;padding-right: 6px\">\n<p>Dorfgemeinschaftshaus Roggentin<\/p>\n<\/div>\n<div class=\"pbs-col\" style=\"flex-basis: 28.5103%;justify-content: center;padding-left: 0px;padding-right: 41px\">\n<p>T\u00e4nze der Weiterbildung 24<\/p>\n<\/div>\n<div class=\"pbs-col\" style=\"flex-basis: 19.4364%;justify-content: center\">\n<p>Dana Schestag, B. Braun<\/p>\n<\/div>\n<\/div>\n<div class=\"pbs-row\" style=\"min-height: 200px;margin-top: -97px;margin-bottom: -66px\">\n<div class=\"pbs-col\" style=\"flex-basis: 17.165%;justify-content: center;padding-bottom: 95px;padding-right: 71px\">\n<p>17.05.2025<\/p>\n<\/div>\n<div class=\"pbs-col\" style=\"flex-basis: 23.7629%;justify-content: center;padding-bottom: 118px;padding-right: 89px\">\n<p>Luise Reuter Saal, Kirchplatz 5,<\/p>\n<p>Grevesm\u00fchlen<\/p>\n<\/div>\n<div class=\"pbs-col\" style=\"flex-basis: 34.0722%;justify-content: center;padding-bottom: 122px\">\n<p style=\"margin-top: -5px\">Israelische T\u00e4nze<\/p>\n<\/div>\n<div class=\"pbs-col\" style=\"flex-basis: 25%;justify-content: center;padding-bottom: 121px\">\n<p>Astrid Straathof<\/p>\n<\/div>\n<\/div>\n<\/div>","protected":false},"excerpt":{"rendered":"<p>Zeitraum\u200b Ort Seminarbezeichnung Referententeam\u200b 10.05.2025 Dorfgemeinschaftshaus Roggentin T\u00e4nze der Weiterbildung 24 Dana Schestag, B. Braun 17.05.2025 Luise Reuter Saal, Kirchplatz 5, Grevesm\u00fchlen Israelische T\u00e4nze Astrid Straathof<\/p>\n","protected":false},"author":1,"featured_media":0,"parent":0,"menu_order":0,"comment_status":"closed","ping_status":"closed","template":"fullwidth.php","meta":{"footnotes":""},"class_list":["post-36","page","type-page","status-publish","hentry"],"_links":{"self":[{"href":"https:\/\/erlebnis-tanz.org\/meckpom\/wp-json\/wp\/v2\/pages\/36","targetHints":{"allow":["GET"]}}],"collection":[{"href":"https:\/\/erlebnis-tanz.org\/meckpom\/wp-json\/wp\/v2\/pages"}],"about":[{"href":"https:\/\/erlebnis-tanz.org\/meckpom\/wp-json\/wp\/v2\/types\/page"}],"author":[{"embeddable":true,"href":"https:\/\/erlebnis-tanz.org\/meckpom\/wp-json\/wp\/v2\/users\/1"}],"replies":[{"embeddable":true,"href":"https:\/\/erlebnis-tanz.org\/meckpom\/wp-json\/wp\/v2\/comments?post=36"}],"version-history":[{"count":21,"href":"https:\/\/erlebnis-tanz.org\/meckpom\/wp-json\/wp\/v2\/pages\/36\/revisions"}],"predecessor-version":[{"id":465,"href":"https:\/\/erlebnis-tanz.org\/meckpom\/wp-json\/wp\/v2\/pages\/36\/revisions\/465"}],"wp:attachment":[{"href":"https:\/\/erlebnis-tanz.org\/meckpom\/wp-json\/wp\/v2\/media?parent=36"}],"curies":[{"name":"wp","href":"https:\/\/api.w.org\/{rel}","templated":true}]}}

<div class="pbs-main-wrapper"><pre>Zeitraum​            Ort              Seminarbezeichnung                             Referententeam​</pre>
<div class="pbs-row" style="min-height: 44px;margin-bottom: 117px;margin-top: 6px">
<div class="pbs-col" style="flex-basis: 11.4158%;justify-content: center">
<p>10.05.2025</p>
</div>
<div class="pbs-col" style="flex-basis: 20.1254%;justify-content: center;padding-right: 6px">
<p>Dorfgemeinschaftshaus Roggentin</p>
</div>
<div class="pbs-col" style="flex-basis: 28.5103%;justify-content: center;padding-left: 0px;padding-right: 41px">
<p>Tänze der Weiterbildung 24</p>
</div>
<div class="pbs-col" style="flex-basis: 19.4364%;justify-content: center">
<p>Dana Schestag, B. Braun</p>
</div>
</div>
<div class="pbs-row" style="min-height: 200px;margin-top: -97px;margin-bottom: -66px">
<div class="pbs-col" style="flex-basis: 17.165%;justify-content: center;padding-bottom: 95px;padding-right: 71px">
<p>17.05.2025</p>
</div>
<div class="pbs-col" style="flex-basis: 23.7629%;justify-content: center;padding-bottom: 118px;padding-right: 89px">
<p>Luise Reuter Saal, Kirchplatz 5,</p>
<p>Grevesmühlen</p>
</div>
<div class="pbs-col" style="flex-basis: 34.0722%;justify-content: center;padding-bottom: 122px">
<p style="margin-top: -5px">Israelische Tänze</p>
</div>
<div class="pbs-col" style="flex-basis: 25%;justify-content: center;padding-bottom: 121px">
<p>Astrid Straathof</p>
</div>
</div>
</div>

<p>Zeitraum​ Ort Seminarbezeichnung Referententeam​ 10.05.2025 Dorfgemeinschaftshaus Roggentin Tänze der Weiterbildung 24 Dana Schestag, B. Braun 17.05.2025 Luise Reuter Saal, Kirchplatz 5, Grevesmühlen Israelische Tänze Astrid Straathof</p>
