{"id":222,"date":"2021-03-07T15:59:28","date_gmt":"2021-03-07T14:59:28","guid":{"rendered":"https:\/\/erlebnis-tanz.org\/saarlorlux\/?page_id=222"},"modified":"2021-03-10T10:33:39","modified_gmt":"2021-03-10T09:33:39","slug":"fortbildungen","status":"publish","type":"page","link":"https:\/\/erlebnis-tanz.org\/saarlorlux\/fortbildungen\/","title":{"rendered":"Fortbildungen"},"content":{"rendered":"<div class=\"pbs-main-wrapper\"><h4 style=\"margin-top: 0px;\"> <strong>Fortbildung f\u00fcr Arbeitskreis-Teams<\/strong>,&nbsp;<strong>Tanzleiter\/innen und Interessierte<\/strong> <\/h4>\n<p>Die vorherigen Termine wurden wegen der Coronakrise storniert.<\/p>\n<p>Die n\u00e4chsten Fortbildungen die stattfinden k\u00f6nnen, werden so bald wir m\u00f6glich bekannt gegeben.<\/p>\n<p><strong>Veranstaltungsort:<\/strong><\/p>\n<p>Landesakademie f\u00fcr musisch-kulturelle Bildung<br \/> Reiherswaldweg 5<br \/> D-66564 Ottweiler<\/p>\n<p><strong>Referentin:<\/strong><\/p>\n<p>?<\/p>\n<p><strong>Teilnahme nur nach vorheriger Anmeldung:<\/strong><br \/> <strong><br \/> Ingeborg Schweitzer<\/strong><br \/> Tel: (0049) 06875 \/ 385<br \/> E-Mail: <a href=\"mailto:schweitzer_m@online.de\" xlink=\"href\">schweitzer_m@online.de<\/a><\/p>\n<\/div>","protected":false},"excerpt":{"rendered":"<p>Fortbildung f\u00fcr Arbeitskreis-Teams,&nbsp;Tanzleiter\/innen und Interessierte Die vorherigen Termine wurden wegen der Coronakrise storniert. Die n\u00e4chsten Fortbildungen die stattfinden k\u00f6nnen, werden so bald wir m\u00f6glich bekannt gegeben. Veranstaltungsort: Landesakademie f\u00fcr musisch-kulturelle &hellip;<\/p>\n","protected":false},"author":1,"featured_media":0,"parent":0,"menu_order":0,"comment_status":"closed","ping_status":"closed","template":"fullwidth.php","meta":{"footnotes":""},"class_list":["post-222","page","type-page","status-publish","hentry"],"_links":{"self":[{"href":"https:\/\/erlebnis-tanz.org\/saarlorlux\/wp-json\/wp\/v2\/pages\/222","targetHints":{"allow":["GET"]}}],"collection":[{"href":"https:\/\/erlebnis-tanz.org\/saarlorlux\/wp-json\/wp\/v2\/pages"}],"about":[{"href":"https:\/\/erlebnis-tanz.org\/saarlorlux\/wp-json\/wp\/v2\/types\/page"}],"author":[{"embeddable":true,"href":"https:\/\/erlebnis-tanz.org\/saarlorlux\/wp-json\/wp\/v2\/users\/1"}],"replies":[{"embeddable":true,"href":"https:\/\/erlebnis-tanz.org\/saarlorlux\/wp-json\/wp\/v2\/comments?post=222"}],"version-history":[{"count":12,"href":"https:\/\/erlebnis-tanz.org\/saarlorlux\/wp-json\/wp\/v2\/pages\/222\/revisions"}],"predecessor-version":[{"id":633,"href":"https:\/\/erlebnis-tanz.org\/saarlorlux\/wp-json\/wp\/v2\/pages\/222\/revisions\/633"}],"wp:attachment":[{"href":"https:\/\/erlebnis-tanz.org\/saarlorlux\/wp-json\/wp\/v2\/media?parent=222"}],"curies":[{"name":"wp","href":"https:\/\/api.w.org\/{rel}","templated":true}]}}