{"id":897,"date":"2022-01-11T17:13:24","date_gmt":"2022-01-11T16:13:24","guid":{"rendered":"https:\/\/erlebnis-tanz.org\/saarlorlux\/?page_id=897"},"modified":"2025-04-18T16:19:58","modified_gmt":"2025-04-18T14:19:58","slug":"die-geschichte-des-landesverbandes-saarlorlux","status":"publish","type":"page","link":"https:\/\/erlebnis-tanz.org\/saarlorlux\/die-geschichte-des-landesverbandes-saarlorlux\/","title":{"rendered":"Die Geschichte des Landesverbandes SaarLorLux"},"content":{"rendered":"<div class=\"pbs-main-wrapper\"><h2>  1983  <\/h2>\n<p>1983 war das Jahr der Landesverbandsgr\u00fcndungen in NRW, in Rheinland-Pfalz und im Saarland. Sozusagen im S\u00fcd-Westen der Bundesrepublik herrschte Aufbruchstimmung.&nbsp;Seinerzeit wurde der Landesverband unter dem Namen \u201eSaarland\u201d gegr\u00fcndet. Als Gr\u00fcndungsmitglieder sind Marianne Eicher, Karl J\u00fcngst und Edith Finkler benannt.<\/p>\n<p><strong>Die erste Landesvorsitzende war seinerzeit Marianne Eicher<\/strong>, die der Bundesverband Seniorentanz e.V. auf der Bundesversammlung 2009 zum Ehrenmitglied ernannt hat.<\/p>\n<p>Auch auf dieser Bundesversammlung wurde der Landesverband&nbsp;Saarland&nbsp;aufgrund der grenz\u00fcberschreitenden Zusammenarbeit&nbsp;in Landesverband SaarLorLux umbenannt.<\/p>\n<p><strong>Weitere Landesvorsitzende waren Hilde Rauguth,<\/strong>&nbsp;die vor einigen Jahren bereits verstorben ist,&nbsp;<strong>Heidemarie Geiselhart<\/strong>&nbsp;und&nbsp;<strong>Jutta Brauers<\/strong>.<\/p>\n<p>Nach Jutta Brauers \u00fcbernahm das&nbsp;<strong>Team mit Karin Marzen an der Spitze<\/strong>&nbsp;bis&nbsp;zum Jahresende 2017 den Vorstand.<\/p>\n<p>Danach wurde 2018 wieder ein neues Team zusammengestellt. <a href=\"https:\/\/erlebnis-tanz.org\/saarlorlux\/der-aktuelle-landesvorstand-saarlorlux\/\">Der aktuelle Landesvorstand SaarLorLux<\/a><\/p>\n<p><strong>Mit dem Landesvorsitzenden Manfred Schweitzer, der Stellvertreterin Ute Ott-Guth (auch&nbsp;\u00d6ffentlichkeitsarbeit)<\/strong><\/p>\n<p><strong>Die Schatzmeisterin ist Brigitte Fickinger und die Schriftf\u00fchrerin ist Heike Schwickert.<\/strong><\/p>\n<p><strong>Frau Ingeborg Schweitzer ist f\u00fcr die Aus- und Weiterbildung zust\u00e4ndig.<\/strong><\/p>\n<p>Danach wurde 2022 wieder ein neues Team zusammengestellt. <a href=\"https:\/\/erlebnis-tanz.org\/saarlorlux\/der-aktuelle-landesvorstand-saarlorlux\/\">Der aktuelle Landesvorstand SaarLorLux<\/a><\/p>\n<p><strong>Mit dem Landesvorsitzenden Manfred Schweitzer, der Stellvertreterin Ute Ott-Guth (auch&nbsp;\u00d6ffentlichkeitsarbeit)<\/strong><\/p>\n<p><strong>Die Schatzmeisterin ist Ilona Scholdt und die Schriftf\u00fchrerin ist Antoinette Beffort<\/strong><\/p>\n<p><strong>Frau Ingeborg Schweitzer ist f\u00fcr die Aus- und Weiterbildung zust\u00e4ndig.<\/strong><\/p>\n<p>Danach wurde 2025 wieder ein neues Team zusammengestellt. <a href=\"https:\/\/erlebnis-tanz.org\/saarlorlux\/der-aktuelle-landesvorstand-saarlorlux\/\">Der aktuelle Landesvorstand SaarLorLux<\/a><\/p>\n<p><strong>Mit dem Landesvorsitzenden Manfred Schweitzer, der Stellvertreterin Ute Ott-Guth (auch&nbsp;\u00d6ffentlichkeitsarbeit)<\/strong><\/p>\n<p><strong>Die Schatzmeisterin ist Ilona Scholdt und die Schriftf\u00fchrerin ist HiltrudSteier<\/strong><\/p>\n<p><strong>Frau Ingeborg Schweitzer ist f\u00fcr die Aus- und Weiterbildung zust\u00e4ndig.<\/strong><\/p>\n<\/div>","protected":false},"excerpt":{"rendered":"<p>1983 1983 war das Jahr der Landesverbandsgr\u00fcndungen in NRW, in Rheinland-Pfalz und im Saarland. Sozusagen im S\u00fcd-Westen der Bundesrepublik herrschte Aufbruchstimmung.&nbsp;Seinerzeit wurde der Landesverband unter dem Namen \u201eSaarland\u201d gegr\u00fcndet. Als &hellip;<\/p>\n","protected":false},"author":7,"featured_media":0,"parent":0,"menu_order":0,"comment_status":"closed","ping_status":"closed","template":"fullwidth.php","meta":{"footnotes":""},"class_list":["post-897","page","type-page","status-publish","hentry"],"_links":{"self":[{"href":"https:\/\/erlebnis-tanz.org\/saarlorlux\/wp-json\/wp\/v2\/pages\/897","targetHints":{"allow":["GET"]}}],"collection":[{"href":"https:\/\/erlebnis-tanz.org\/saarlorlux\/wp-json\/wp\/v2\/pages"}],"about":[{"href":"https:\/\/erlebnis-tanz.org\/saarlorlux\/wp-json\/wp\/v2\/types\/page"}],"author":[{"embeddable":true,"href":"https:\/\/erlebnis-tanz.org\/saarlorlux\/wp-json\/wp\/v2\/users\/7"}],"replies":[{"embeddable":true,"href":"https:\/\/erlebnis-tanz.org\/saarlorlux\/wp-json\/wp\/v2\/comments?post=897"}],"version-history":[{"count":5,"href":"https:\/\/erlebnis-tanz.org\/saarlorlux\/wp-json\/wp\/v2\/pages\/897\/revisions"}],"predecessor-version":[{"id":1085,"href":"https:\/\/erlebnis-tanz.org\/saarlorlux\/wp-json\/wp\/v2\/pages\/897\/revisions\/1085"}],"wp:attachment":[{"href":"https:\/\/erlebnis-tanz.org\/saarlorlux\/wp-json\/wp\/v2\/media?parent=897"}],"curies":[{"name":"wp","href":"https:\/\/api.w.org\/{rel}","templated":true}]}}

<div class="pbs-main-wrapper"><h2>  1983  </h2>
<p>1983 war das Jahr der Landesverbandsgründungen in NRW, in Rheinland-Pfalz und im Saarland. Sozusagen im Süd-Westen der Bundesrepublik herrschte Aufbruchstimmung.&nbsp;Seinerzeit wurde der Landesverband unter dem Namen „Saarland” gegründet. Als Gründungsmitglieder sind Marianne Eicher, Karl Jüngst und Edith Finkler benannt.</p>
<p><strong>Die erste Landesvorsitzende war seinerzeit Marianne Eicher</strong>, die der Bundesverband Seniorentanz e.V. auf der Bundesversammlung 2009 zum Ehrenmitglied ernannt hat.</p>
<p>Auch auf dieser Bundesversammlung wurde der Landesverband&nbsp;Saarland&nbsp;aufgrund der grenzüberschreitenden Zusammenarbeit&nbsp;in Landesverband SaarLorLux umbenannt.</p>
<p><strong>Weitere Landesvorsitzende waren Hilde Rauguth,</strong>&nbsp;die vor einigen Jahren bereits verstorben ist,&nbsp;<strong>Heidemarie Geiselhart</strong>&nbsp;und&nbsp;<strong>Jutta Brauers</strong>.</p>
<p>Nach Jutta Brauers übernahm das&nbsp;<strong>Team mit Karin Marzen an der Spitze</strong>&nbsp;bis&nbsp;zum Jahresende 2017 den Vorstand.</p>
<p>Danach wurde 2018 wieder ein neues Team zusammengestellt. <a href="https://erlebnis-tanz.org/saarlorlux/der-aktuelle-landesvorstand-saarlorlux/">Der aktuelle Landesvorstand SaarLorLux</a></p>
<p><strong>Mit dem Landesvorsitzenden Manfred Schweitzer, der Stellvertreterin Ute Ott-Guth (auch&nbsp;Öffentlichkeitsarbeit)</strong></p>
<p><strong>Die Schatzmeisterin ist Brigitte Fickinger und die Schriftführerin ist Heike Schwickert.</strong></p>
<p><strong>Frau Ingeborg Schweitzer ist für die Aus- und Weiterbildung zuständig.</strong></p>
<p>Danach wurde 2022 wieder ein neues Team zusammengestellt. <a href="https://erlebnis-tanz.org/saarlorlux/der-aktuelle-landesvorstand-saarlorlux/">Der aktuelle Landesvorstand SaarLorLux</a></p>
<p><strong>Mit dem Landesvorsitzenden Manfred Schweitzer, der Stellvertreterin Ute Ott-Guth (auch&nbsp;Öffentlichkeitsarbeit)</strong></p>
<p><strong>Die Schatzmeisterin ist Ilona Scholdt und die Schriftführerin ist Antoinette Beffort</strong></p>
<p><strong>Frau Ingeborg Schweitzer ist für die Aus- und Weiterbildung zuständig.</strong></p>
<p>Danach wurde 2025 wieder ein neues Team zusammengestellt. <a href="https://erlebnis-tanz.org/saarlorlux/der-aktuelle-landesvorstand-saarlorlux/">Der aktuelle Landesvorstand SaarLorLux</a></p>
<p><strong>Mit dem Landesvorsitzenden Manfred Schweitzer, der Stellvertreterin Ute Ott-Guth (auch&nbsp;Öffentlichkeitsarbeit)</strong></p>
<p><strong>Die Schatzmeisterin ist Ilona Scholdt und die Schriftführerin ist HiltrudSteier</strong></p>
<p><strong>Frau Ingeborg Schweitzer ist für die Aus- und Weiterbildung zuständig.</strong></p>
</div>

<p>1983 1983 war das Jahr der Landesverbandsgründungen in NRW, in Rheinland-Pfalz und im Saarland. Sozusagen im Süd-Westen der Bundesrepublik herrschte Aufbruchstimmung.&nbsp;Seinerzeit wurde der Landesverband unter dem Namen „Saarland” gegründet. Als &hellip;</p>
